{"id":119,"date":"2016-12-20T10:36:22","date_gmt":"2016-12-20T10:36:22","guid":{"rendered":"http:\/\/klewiado1.home.pl\/autoinstalator\/wordpress\/?page_id=119"},"modified":"2016-12-27T10:53:46","modified_gmt":"2016-12-27T10:53:46","slug":"biala-podlaska","status":"publish","type":"page","link":"https:\/\/pkps.org.pl\/?page_id=119","title":{"rendered":"Bia\u0142a Podlaska"},"content":{"rendered":"<div id=\"mainbody\">\n<div class=\"item-page\">\n<div class=\"csRow\">\n<div class=\"csColumnGap\" style=\"margin: 0px; padding: 0px; float: left; width: 1.56%;\"><img decoding=\"async\" style=\"border: none;\" src=\"http:\/\/pkps.org.pl\/wp-content\/plugins\/advanced-wp-columns\/assets\/js\/plugins\/views\/img\/1x1-pixel.png\" \/><\/div>\n<div class=\"csColumn\" style=\"margin: 0px; padding: 0px; float: left; width: 47.7%;\" data-csstartpoint=\"15\" data-csendpoint=\"472.5\" data-cswidth=\"47.7%\" data-csid=\"ffa0c8ee-f972-becf-b080-ae8254968b7f\">\n<p><strong>Zarz\u0105d Okr\u0119gowy PKPS<br \/>\n<\/strong><strong>ul. Warszawska 14<br \/>\n<\/strong><strong>21 &#8211; 500 Bia\u0142a Podlaska<br \/>\n<\/strong><strong>tel: (83) 343 73 34<br \/>\n<i class=\"mdi mdi-web mdi-default\" style=\"color:black;\">&nbsp;<\/i>\u00a0<a href=\"http:\/\/www.pkps.com.pl\">www.pkps.com.pl<\/a><\/strong><\/p>\n<p>&nbsp;<\/p>\n<\/div>\n<div class=\"csColumnGap\" style=\"margin: 0px; padding: 0px; float: left; width: 1.56%;\"><img decoding=\"async\" style=\"border: none;\" src=\"http:\/\/pkps.org.pl\/wp-content\/plugins\/advanced-wp-columns\/assets\/js\/plugins\/views\/img\/1x1-pixel.png\" \/><\/div>\n<div class=\"csColumn\" style=\"margin: 0px; padding: 0px; float: left; width: 47.7%;\" data-csstartpoint=\"487.5\" data-csendpoint=\"945\" data-cswidth=\"47.7%\" data-csid=\"36fa8cdd-45d2-9bb3-83bb-4b81d49f34a0\">\n<p><em>Plac\u00f3wki podleg\u0142e:<\/em><\/p>\n<p>&#8211; Zarz\u0105d Gminny PKPS <strong>Bia\u0142a Podlaska<\/strong>, 21-500 Bia\u0142a Podlaska, ul. Prosta 31, tel. (83) 343 32 84<\/p>\n<p>&#8211; Zarz\u0105d Gminny PKPS <strong>D\u0119bowa K\u0142oda<\/strong>, 21-211 D\u0119bowa K\u0142oda, tel. (83) 355 70 11<\/p>\n<p>&#8211; Zarz\u0105d Gminny PKPS <strong>Drel\u00f3w<\/strong>, 21-355 Drel\u00f3w ul. Szkolna 10, tel. (83) 372 00 18<\/p>\n<p>&#8211; Zarz\u0105d Gminny PKPS <strong>Jab\u0142o\u0144<\/strong>, 21-205 Jab\u0142o\u0144, ul. Zamoyskiego 27, tel. (83) 356 00 06<\/p>\n<p>&#8211; Zarz\u0105d Gminny PKPS <strong>K\u0105kolewnica<\/strong>, 21-302 K\u0105kolewnica, tel. (83) 372 26 21<\/p>\n<p>&#8211; Zarz\u0105d Gminny PKPS <strong>Kode\u0144<\/strong>, 21-509 Kode\u0144, ul.1 Maja 20, tel. (83) 375 41 50<\/p>\n<p>&#8211; Zarz\u0105d Gminny PKPS <strong>Komar\u00f3wka Podlaska<\/strong>, 21-311 Komar\u00f3wka Podlaska, ul.1Armii Wojska Polskiego 13, tel. (83) 353 54 81<\/p>\n<p>&#8211; Zarz\u0105d Gminny PKPS<strong> Konstantyn\u00f3w,<\/strong> 21-543 Konstantyn\u00f3w, ul. Wyszy\u0144skiego 2, tel. (83) 341 50 84<\/p>\n<p>&#8211; Zarz\u0105d Gminny PKPS <strong>Le\u015bna Podlask<\/strong>a, 21-542 Le\u015bna Podlaska, ul. Bialska 30, tel. (83) 345 07 41<\/p>\n<p>&#8211; Zarz\u0105d Gminny PKPS <strong>Milan\u00f3w<\/strong>, 21-210 Milan\u00f3w, ul. Ko\u015bcielna 11a, tel. (83) 356 76 38<\/p>\n<p>&#8211; Zarz\u0105d Gminny PKPS <strong>Piszczac<\/strong>, 21-530 Piszczac, ul. W\u0142odawska 8, tel. (83) 377 80 86<\/p>\n<p>&#8211; Zarz\u0105d Gminny PKPS <strong>Podedw\u00f3rze<\/strong>, 21-222 Podedw\u00f3rze, tel. (83) 379 50 37<\/p>\n<p>&#8211; Zarz\u0105d Gminny PKPS <strong>Rokitno<\/strong>, 21-504 Rokitno, tel. (83) 345 35 64<\/p>\n<p>&#8211; Zarz\u0105d Gminny PKPS<strong> Siemie\u0144,<\/strong> 21-220 Siemie\u0144, ul. Stawowa 1b, tel. (83) 354 71 58<\/p>\n<p>&#8211; Zarz\u0105d Gminny PKPS <strong>S\u0142awatycze<\/strong>, 21-515 S\u0142awatycze, ul. Rynek 13, tel. (83) 378 33 63<\/p>\n<p>&#8211; Zarz\u0105d Gminny PKPS <strong>Terespol,<\/strong> 21-550 Terespol, ul. Wojska Polskiego 47, tel. (83) 375 37 48<\/p>\n<p>&#8211; Zarz\u0105d Gminny PKPS <strong>Tuczna<\/strong>, 21-523 Tuczna, tel. (83) 377 10 01<\/p>\n<p>&#8211; Zarz\u0105d Gminny PKPS<strong> Wisznice<\/strong>, 21-580 Wisznice, ul. Rynek 35, tel. (83) 378 24 42<\/p>\n<p>&#8211; Zarz\u0105d Gminny PKPS <strong>Zalesie<\/strong>, 21-512 Zalesie, ul. Warszawska 34, tel. (83) 375 75 21<\/p>\n<\/div>\n<div class=\"csColumnGap\" style=\"margin: 0px; padding: 0px; float: left; width: 1.56%;\"><img decoding=\"async\" style=\"border: none;\" src=\"http:\/\/pkps.org.pl\/wp-content\/plugins\/advanced-wp-columns\/assets\/js\/plugins\/views\/img\/1x1-pixel.png\" \/><\/div>\n<div style=\"clear: both; float: none; display: block; visibility: hidden; width: 0px; font-size: 0px; line-height: 0;\"><\/div>\n<\/div>\n<p><strong>\u00a0<\/strong><\/p>\n<p>&nbsp;<\/p>\n<\/div>\n<\/div>\n","protected":false},"excerpt":{"rendered":"<p>Zarz\u0105d Okr\u0119gowy PKPS ul. Warszawska 14 21 &#8211; 500 Bia\u0142a Podlaska tel: (83) 343 73 34 \u00a0www.pkps.com.pl &nbsp; Plac\u00f3wki podleg\u0142e: &#8211; Zarz\u0105d Gminny PKPS Bia\u0142a Podlaska, 21-500 Bia\u0142a Podlaska, ul. Prosta 31, tel. (83) 343 32 84 &#8211; Zarz\u0105d Gminny PKPS D\u0119bowa K\u0142oda, 21-211 D\u0119bowa K\u0142oda, tel. (83) 355 70 11 &#8211; Zarz\u0105d Gminny PKPS [&hellip;]<\/p>\n","protected":false},"author":1,"featured_media":0,"parent":0,"menu_order":0,"comment_status":"closed","ping_status":"closed","template":"","meta":{"footnotes":"","_links_to":"","_links_to_target":""},"class_list":["post-119","page","type-page","status-publish","hentry"],"yoast_head":"<!-- This site is optimized with the Yoast SEO plugin v27.4 - https:\/\/yoast.com\/product\/yoast-seo-wordpress\/ -->\n<title>Bia\u0142a Podlaska - Polski Komitet Pomocy Spo\u0142ecznej<\/title>\n<meta name=\"robots\" content=\"index, follow, max-snippet:-1, max-image-preview:large, max-video-preview:-1\" \/>\n<link rel=\"canonical\" href=\"https:\/\/pkps.org.pl\/?page_id=119\" \/>\n<meta property=\"og:locale\" content=\"pl_PL\" \/>\n<meta property=\"og:type\" content=\"article\" \/>\n<meta property=\"og:title\" content=\"Bia\u0142a Podlaska - Polski Komitet Pomocy Spo\u0142ecznej\" \/>\n<meta property=\"og:description\" content=\"Zarz\u0105d Okr\u0119gowy PKPS ul. Warszawska 14 21 &#8211; 500 Bia\u0142a Podlaska tel: (83) 343 73 34 \u00a0www.pkps.com.pl &nbsp; Plac\u00f3wki podleg\u0142e: &#8211; Zarz\u0105d Gminny PKPS Bia\u0142a Podlaska, 21-500 Bia\u0142a Podlaska, ul. Prosta 31, tel. (83) 343 32 84 &#8211; Zarz\u0105d Gminny PKPS D\u0119bowa K\u0142oda, 21-211 D\u0119bowa K\u0142oda, tel. (83) 355 70 11 &#8211; Zarz\u0105d Gminny PKPS [&hellip;]\" \/>\n<meta property=\"og:url\" content=\"https:\/\/pkps.org.pl\/?page_id=119\" \/>\n<meta property=\"og:site_name\" content=\"Polski Komitet Pomocy Spo\u0142ecznej\" \/>\n<meta property=\"article:modified_time\" content=\"2016-12-27T10:53:46+00:00\" \/>\n<meta property=\"og:image\" content=\"http:\/\/pkps.org.pl\/wp-content\/plugins\/advanced-wp-columns\/assets\/js\/plugins\/views\/img\/1x1-pixel.png\" \/>\n<meta name=\"twitter:card\" content=\"summary_large_image\" \/>\n<meta name=\"twitter:label1\" content=\"Szacowany czas czytania\" \/>\n\t<meta name=\"twitter:data1\" content=\"1 minuta\" \/>\n<script type=\"application\/ld+json\" class=\"yoast-schema-graph\">{\"@context\":\"https:\\\/\\\/schema.org\",\"@graph\":[{\"@type\":\"WebPage\",\"@id\":\"https:\\\/\\\/pkps.org.pl\\\/?page_id=119\",\"url\":\"https:\\\/\\\/pkps.org.pl\\\/?page_id=119\",\"name\":\"Bia\u0142a Podlaska - Polski Komitet Pomocy Spo\u0142ecznej\",\"isPartOf\":{\"@id\":\"https:\\\/\\\/pkps.org.pl\\\/#website\"},\"primaryImageOfPage\":{\"@id\":\"https:\\\/\\\/pkps.org.pl\\\/?page_id=119#primaryimage\"},\"image\":{\"@id\":\"https:\\\/\\\/pkps.org.pl\\\/?page_id=119#primaryimage\"},\"thumbnailUrl\":\"http:\\\/\\\/pkps.org.pl\\\/wp-content\\\/plugins\\\/advanced-wp-columns\\\/assets\\\/js\\\/plugins\\\/views\\\/img\\\/1x1-pixel.png\",\"datePublished\":\"2016-12-20T10:36:22+00:00\",\"dateModified\":\"2016-12-27T10:53:46+00:00\",\"breadcrumb\":{\"@id\":\"https:\\\/\\\/pkps.org.pl\\\/?page_id=119#breadcrumb\"},\"inLanguage\":\"pl-PL\",\"potentialAction\":[{\"@type\":\"ReadAction\",\"target\":[\"https:\\\/\\\/pkps.org.pl\\\/?page_id=119\"]}]},{\"@type\":\"ImageObject\",\"inLanguage\":\"pl-PL\",\"@id\":\"https:\\\/\\\/pkps.org.pl\\\/?page_id=119#primaryimage\",\"url\":\"http:\\\/\\\/pkps.org.pl\\\/wp-content\\\/plugins\\\/advanced-wp-columns\\\/assets\\\/js\\\/plugins\\\/views\\\/img\\\/1x1-pixel.png\",\"contentUrl\":\"http:\\\/\\\/pkps.org.pl\\\/wp-content\\\/plugins\\\/advanced-wp-columns\\\/assets\\\/js\\\/plugins\\\/views\\\/img\\\/1x1-pixel.png\"},{\"@type\":\"BreadcrumbList\",\"@id\":\"https:\\\/\\\/pkps.org.pl\\\/?page_id=119#breadcrumb\",\"itemListElement\":[{\"@type\":\"ListItem\",\"position\":1,\"name\":\"Strona g\u0142\u00f3wna\",\"item\":\"https:\\\/\\\/pkps.org.pl\\\/\"},{\"@type\":\"ListItem\",\"position\":2,\"name\":\"Bia\u0142a Podlaska\"}]},{\"@type\":\"WebSite\",\"@id\":\"https:\\\/\\\/pkps.org.pl\\\/#website\",\"url\":\"https:\\\/\\\/pkps.org.pl\\\/\",\"name\":\"Polski Komitet Pomocy Spo\u0142ecznej\",\"description\":\"Strona Polskiego Komitetu Pomocy Spo\u0142ecznej\",\"publisher\":{\"@id\":\"https:\\\/\\\/pkps.org.pl\\\/#organization\"},\"potentialAction\":[{\"@type\":\"SearchAction\",\"target\":{\"@type\":\"EntryPoint\",\"urlTemplate\":\"https:\\\/\\\/pkps.org.pl\\\/?s={search_term_string}\"},\"query-input\":{\"@type\":\"PropertyValueSpecification\",\"valueRequired\":true,\"valueName\":\"search_term_string\"}}],\"inLanguage\":\"pl-PL\"},{\"@type\":\"Organization\",\"@id\":\"https:\\\/\\\/pkps.org.pl\\\/#organization\",\"name\":\"Polski Komitet Pomocy Spo\u0142ecznej\",\"url\":\"https:\\\/\\\/pkps.org.pl\\\/\",\"logo\":{\"@type\":\"ImageObject\",\"inLanguage\":\"pl-PL\",\"@id\":\"https:\\\/\\\/pkps.org.pl\\\/#\\\/schema\\\/logo\\\/image\\\/\",\"url\":\"https:\\\/\\\/pkps.org.pl\\\/wp-content\\\/uploads\\\/2016\\\/12\\\/PKPS-Logo-1.jpg\",\"contentUrl\":\"https:\\\/\\\/pkps.org.pl\\\/wp-content\\\/uploads\\\/2016\\\/12\\\/PKPS-Logo-1.jpg\",\"width\":299,\"height\":408,\"caption\":\"Polski Komitet Pomocy Spo\u0142ecznej\"},\"image\":{\"@id\":\"https:\\\/\\\/pkps.org.pl\\\/#\\\/schema\\\/logo\\\/image\\\/\"}}]}<\/script>\n<!-- \/ Yoast SEO plugin. -->","yoast_head_json":{"title":"Bia\u0142a Podlaska - Polski Komitet Pomocy Spo\u0142ecznej","robots":{"index":"index","follow":"follow","max-snippet":"max-snippet:-1","max-image-preview":"max-image-preview:large","max-video-preview":"max-video-preview:-1"},"canonical":"https:\/\/pkps.org.pl\/?page_id=119","og_locale":"pl_PL","og_type":"article","og_title":"Bia\u0142a Podlaska - Polski Komitet Pomocy Spo\u0142ecznej","og_description":"Zarz\u0105d Okr\u0119gowy PKPS ul. Warszawska 14 21 &#8211; 500 Bia\u0142a Podlaska tel: (83) 343 73 34 \u00a0www.pkps.com.pl &nbsp; Plac\u00f3wki podleg\u0142e: &#8211; Zarz\u0105d Gminny PKPS Bia\u0142a Podlaska, 21-500 Bia\u0142a Podlaska, ul. Prosta 31, tel. (83) 343 32 84 &#8211; Zarz\u0105d Gminny PKPS D\u0119bowa K\u0142oda, 21-211 D\u0119bowa K\u0142oda, tel. (83) 355 70 11 &#8211; Zarz\u0105d Gminny PKPS [&hellip;]","og_url":"https:\/\/pkps.org.pl\/?page_id=119","og_site_name":"Polski Komitet Pomocy Spo\u0142ecznej","article_modified_time":"2016-12-27T10:53:46+00:00","og_image":[{"url":"http:\/\/pkps.org.pl\/wp-content\/plugins\/advanced-wp-columns\/assets\/js\/plugins\/views\/img\/1x1-pixel.png","type":"","width":"","height":""}],"twitter_card":"summary_large_image","twitter_misc":{"Szacowany czas czytania":"1 minuta"},"schema":{"@context":"https:\/\/schema.org","@graph":[{"@type":"WebPage","@id":"https:\/\/pkps.org.pl\/?page_id=119","url":"https:\/\/pkps.org.pl\/?page_id=119","name":"Bia\u0142a Podlaska - Polski Komitet Pomocy Spo\u0142ecznej","isPartOf":{"@id":"https:\/\/pkps.org.pl\/#website"},"primaryImageOfPage":{"@id":"https:\/\/pkps.org.pl\/?page_id=119#primaryimage"},"image":{"@id":"https:\/\/pkps.org.pl\/?page_id=119#primaryimage"},"thumbnailUrl":"http:\/\/pkps.org.pl\/wp-content\/plugins\/advanced-wp-columns\/assets\/js\/plugins\/views\/img\/1x1-pixel.png","datePublished":"2016-12-20T10:36:22+00:00","dateModified":"2016-12-27T10:53:46+00:00","breadcrumb":{"@id":"https:\/\/pkps.org.pl\/?page_id=119#breadcrumb"},"inLanguage":"pl-PL","potentialAction":[{"@type":"ReadAction","target":["https:\/\/pkps.org.pl\/?page_id=119"]}]},{"@type":"ImageObject","inLanguage":"pl-PL","@id":"https:\/\/pkps.org.pl\/?page_id=119#primaryimage","url":"http:\/\/pkps.org.pl\/wp-content\/plugins\/advanced-wp-columns\/assets\/js\/plugins\/views\/img\/1x1-pixel.png","contentUrl":"http:\/\/pkps.org.pl\/wp-content\/plugins\/advanced-wp-columns\/assets\/js\/plugins\/views\/img\/1x1-pixel.png"},{"@type":"BreadcrumbList","@id":"https:\/\/pkps.org.pl\/?page_id=119#breadcrumb","itemListElement":[{"@type":"ListItem","position":1,"name":"Strona g\u0142\u00f3wna","item":"https:\/\/pkps.org.pl\/"},{"@type":"ListItem","position":2,"name":"Bia\u0142a Podlaska"}]},{"@type":"WebSite","@id":"https:\/\/pkps.org.pl\/#website","url":"https:\/\/pkps.org.pl\/","name":"Polski Komitet Pomocy Spo\u0142ecznej","description":"Strona Polskiego Komitetu Pomocy Spo\u0142ecznej","publisher":{"@id":"https:\/\/pkps.org.pl\/#organization"},"potentialAction":[{"@type":"SearchAction","target":{"@type":"EntryPoint","urlTemplate":"https:\/\/pkps.org.pl\/?s={search_term_string}"},"query-input":{"@type":"PropertyValueSpecification","valueRequired":true,"valueName":"search_term_string"}}],"inLanguage":"pl-PL"},{"@type":"Organization","@id":"https:\/\/pkps.org.pl\/#organization","name":"Polski Komitet Pomocy Spo\u0142ecznej","url":"https:\/\/pkps.org.pl\/","logo":{"@type":"ImageObject","inLanguage":"pl-PL","@id":"https:\/\/pkps.org.pl\/#\/schema\/logo\/image\/","url":"https:\/\/pkps.org.pl\/wp-content\/uploads\/2016\/12\/PKPS-Logo-1.jpg","contentUrl":"https:\/\/pkps.org.pl\/wp-content\/uploads\/2016\/12\/PKPS-Logo-1.jpg","width":299,"height":408,"caption":"Polski Komitet Pomocy Spo\u0142ecznej"},"image":{"@id":"https:\/\/pkps.org.pl\/#\/schema\/logo\/image\/"}}]}},"_links":{"self":[{"href":"https:\/\/pkps.org.pl\/index.php?rest_route=\/wp\/v2\/pages\/119","targetHints":{"allow":["GET"]}}],"collection":[{"href":"https:\/\/pkps.org.pl\/index.php?rest_route=\/wp\/v2\/pages"}],"about":[{"href":"https:\/\/pkps.org.pl\/index.php?rest_route=\/wp\/v2\/types\/page"}],"author":[{"embeddable":true,"href":"https:\/\/pkps.org.pl\/index.php?rest_route=\/wp\/v2\/users\/1"}],"replies":[{"embeddable":true,"href":"https:\/\/pkps.org.pl\/index.php?rest_route=%2Fwp%2Fv2%2Fcomments&post=119"}],"version-history":[{"count":0,"href":"https:\/\/pkps.org.pl\/index.php?rest_route=\/wp\/v2\/pages\/119\/revisions"}],"wp:attachment":[{"href":"https:\/\/pkps.org.pl\/index.php?rest_route=%2Fwp%2Fv2%2Fmedia&parent=119"}],"curies":[{"name":"wp","href":"https:\/\/api.w.org\/{rel}","templated":true}]}}