{"id":1428,"date":"2020-06-11T09:48:16","date_gmt":"2020-06-11T09:48:16","guid":{"rendered":"https:\/\/pkps.org.pl\/?page_id=1428"},"modified":"2020-06-12T09:48:15","modified_gmt":"2020-06-12T09:48:15","slug":"dzienny-dom-opieki-medycznej-w-milanowku","status":"publish","type":"page","link":"https:\/\/pkps.org.pl\/?page_id=1428","title":{"rendered":"DZIENNY DOM OPIEKI MEDYCZNEJ W MILAN\u00d3WKU"},"content":{"rendered":"<div class=\"page\" title=\"Page 1\">\n<div class=\"layoutArea\">\n<div class=\"column\">\n<p><img fetchpriority=\"high\" decoding=\"async\" class=\"alignnone size-full wp-image-1432\" src=\"https:\/\/pkps.org.pl\/wp-content\/uploads\/2020\/06\/Zrzut-ekranu-2020-06-11-o-11.49.34.png\" alt=\"Milan\u00f3wek zdj\u0119cie o\u015brodka\" width=\"1788\" height=\"307\" srcset=\"https:\/\/pkps.org.pl\/wp-content\/uploads\/2020\/06\/Zrzut-ekranu-2020-06-11-o-11.49.34.png 1788w, https:\/\/pkps.org.pl\/wp-content\/uploads\/2020\/06\/Zrzut-ekranu-2020-06-11-o-11.49.34-300x52.png 300w, https:\/\/pkps.org.pl\/wp-content\/uploads\/2020\/06\/Zrzut-ekranu-2020-06-11-o-11.49.34-1024x176.png 1024w, https:\/\/pkps.org.pl\/wp-content\/uploads\/2020\/06\/Zrzut-ekranu-2020-06-11-o-11.49.34-768x132.png 768w, https:\/\/pkps.org.pl\/wp-content\/uploads\/2020\/06\/Zrzut-ekranu-2020-06-11-o-11.49.34-1536x264.png 1536w\" sizes=\"(max-width: 1788px) 100vw, 1788px\" \/><\/p>\n<blockquote>\n<p><strong>Polski Komitet Pomocy Spo\u0142ecznej uprzejmie informuje, \u017ce z powodu pandemii koronawirusa, w trosce o bezpiecze\u0144stwo uczestnik\u00f3w dziennego domu opieki medycznej, a tak\u017ce pracownik\u00f3w plac\u00f3wki, dzia\u0142alno\u015b\u0107 domu za zgod\u0105 MJPU \u00a0rozpocznie si\u0119 1 lipca 2020r.- \u00a0oczekujemy Pa\u0144stwa . <\/strong><\/p>\n<p><strong>Wszystkie dzia\u0142ania przewidziane do realizacji b\u0119d\u0105 prowadzone z zachowaniem warunk\u00f3w sanitarno- higienicznych, z wykorzystaniem \u015brodk\u00f3w ochrony osobistej.\u00a0<\/strong><\/p>\n<p>\u00a0<\/p>\n<\/blockquote>\n<\/div>\n<\/div>\n<div class=\"layoutArea\">\n<div class=\"column\">\n<h4><strong>Dzienny Dom Opieki Medycznej \u00a0<\/strong><strong>Polskiego Komitetu Pomocy Spo\u0142ecznej Warszawa Milan\u00f3wek ul. Ko\u015bciuszki 116<\/strong><\/h4>\n<p>w ramach projektu pn. \u201e<em>Zwi\u0119kszenie dost\u0119pno\u015bci do us\u0142ug zdrowotnych osobom niesamodzielnym poprzez utworzenie Dziennego Domu Opieki Medycznej w Milan\u00f3wku\u201d <\/em>\u2013 RPMA.09.02.02-14- b421\/18 wsp\u00f3\u0142finansowanego przez Uni\u0119 Europejsk\u0105 w ramach Europejskiego Funduszu Spo\u0142ecznego oraz bud\u017cetu pa\u0144stwa w ramach Regionalnego Program Operacyjnego Wojew\u00f3dztwa Mazowieckiego na lata 2014\u20132020, o\u015b priorytetowa IX <em>Wspieranie w\u0142\u0105czenia spo\u0142ecznego i\u00a0 \u00a0 walka z ub\u00f3stwem<\/em>, dzia\u0142anie 9.2 <em>Us\u0142ugi spo\u0142eczne i us\u0142ugi opieki zdrowotnej<\/em>, poddzia\u0142anie 9.2.2 <em>Zwi\u0119kszenie dost\u0119pno\u015bci us\u0142ug zdrowotnych.\u00a0<\/em><\/p>\n<p>Dzienny Dom Opieki Medycznej (DDOM) Polskiego Komitetu Pomocy Spo\u0142ecznej w Milan\u00f3wku ul. Ko\u015bciuszki 116 jest form\u0105 deinstytucjonalizacji opieki nad osobami zale\u017cnymi, w tym osobami starszymi i stanowi wyodr\u0119bnion\u0105 strukturalnie cz\u0119\u015b\u0107 podmiotu leczniczego o nazwie Lecznica ROMA RN PKPS realizuj\u0105cego \u015bwiadczenia Podstawowej Opieki Zdrowotnej ( POZ) oraz Ambulatoryjnej Opieki Specjalistycznej ( AOS ) przy\u00a0ul. \u015awi\u0119tokrzyskiej 30 w Warszawie, na podstawie umowy z Mazowieckim Oddzia\u0142em NFZ.<\/p>\n<p>DDOM zapewnia opiek\u0119 medyczn\u0105 w warunkach zbli\u017conych do domowych.<\/p>\n<p>CEL PROJEKTU<br \/>Celem projektu jest poprawa stanu zdrowia i samodzielno\u015bci \u017cyciowej co najmniej 126 os\u00f3b\u00a0( kobiet i m\u0119\u017cczyzn), w szczeg\u00f3lno\u015bci os\u00f3b starszych poprzez udost\u0119pnienie oferty z zakresu \u015bwiadcze\u0144 zdrowotnych, adekwatnych do stanu zdrowia odbiorc\u00f3w.<\/p>\n<p>Realizacja projektu przyczyni si\u0119 do zapobiegania wczesnym powik\u0142aniom poszpitalnym oraz przygotowania pacjent\u00f3w i ich\u00a0 rodziny do \u017cycia z niepe\u0142nosprawno\u015bci\u0105 i do samoopieki.<\/p>\n<p>WARTO\u015a\u0106 CA\u0141KOWITA PROJEKTU:\u00a02\u00a0141\u00a0937,12z\u0142.<\/p>\n<p>WARTO\u015a\u0106 DOFINANSOWANIA: 1\u00a0992\u00a0001,50z\u0142.<br \/>Dofinansowanie pochodzi z nast\u0119puj\u0105cych \u017ar\u00f3de\u0142:<br \/>a) ze \u015brodk\u00f3w europejskich \u2013 1\u00a0713\u00a0549,68z\u0142.<br \/>b) ze \u015brodk\u00f3w dotacji celowej \u2013 278\u00a0451,82z\u0142.<\/p>\n<p>OKRES REALIZACJI PROJEKTU (REKRUTACJA):\u00a0od 01.03.2020 r. do 31.08.2021 r.<\/p>\n<p>OSOBY KORZYSTAJ\u0104CE ZE WSPARCIA W DZIENNYM DOMU \u00a0OPIEKI MEDYCZNEJ<br \/>Wsparciem DDOM zostan\u0105 obj\u0119te\u00a0 osoby niesamodzielne, w szczeg\u00f3lno\u015bci powy\u017cej 65 r.\u017c.\u00a0 (co najmniej 50% \u0142\u0105cznej liczby os\u00f3b obj\u0119tych wsparciem), kt\u00f3rych stan zdrowia nie pozwala na pozostawanie wy\u0142\u0105cznie pod opiek\u0105 POZ i AOS, a jednocze\u015bnie nie wymagaj\u0105\u00a0 ca\u0142odobowego nadzoru lekarskiego i piel\u0119gniarskiego w trybie stacjonarnym. Zak\u0142adamy obj\u0119cie wsparciem 126 osoby, w tym: 55 kobiet i 71 m\u0119\u017cczyzn z powiatu grodziskiego i pruszkowskiego. Maksymalna liczba os\u00f3b korzystaj\u0105cych ze wsparcia jednocze\u015bnie nie mo\u017ce przekracza\u0107 25 os\u00f3b.\u00a0<\/p>\n<p>\u015awiadczeniami b\u0119d\u0105 obejmowani pacjenci wg kolejno\u015bci zg\u0142osze\u0144, wy\u0142\u0105cznie na podstawie kryteri\u00f3w medycznych.<\/p>\n<p>Wsparcie skierowane\u00a0 b\u0119dzie do os\u00f3b:<\/p>\n<ul>\n<li>niesamodzielnych, kt\u00f3re w ocenie poziomu samodzielno\u015bci skal\u0105 Barthel otrzymaj\u0105 od 40 do 65 punkt\u00f3w,<\/li>\n<\/ul>\n<ul>\n<li>maj\u0105cych prawo do \u015bwiadcze\u0144 opieki zdrowotnej ze \u015brodk\u00f3w publicznych ( NFZ),<\/li>\n<li>u kt\u00f3rych wyst\u0119puje ryzyko hospitalizowania w najbli\u017cszym czasie lub kt\u00f3re s\u0105 bezpo\u015brednio po\u00a0 przebytej hospitalizacji i \/ lub w okresie ostatnich 12 m-cy zosta\u0142y im udzielone \u015bwiadczenie z zakresu leczenia szpitalnego.<\/li>\n<\/ul>\n<p>Ze wzgl\u0119du na charakter opieki \u015bwiadczonej w Dziennym Domu Opieki Medycznej, ze wsparcia wy\u0142\u0105czone b\u0119d\u0105 osoby korzystaj\u0105ce ze \u015bwiadcze\u0144 opieki zdrowotnej z zakresu \u015bwiadcze\u0144 piel\u0119gnacyjnych i opieku\u0144czych w ramach opieki d\u0142ugoterminowej, opieki paliatywnej i hospicyjnej oraz rehabilitacji leczniczej, w warunkach o\u015brodka lub oddzia\u0142u dziennego oraz w warunkach stacjonarnych, a tak\u017ce osoby, w przypadku kt\u00f3rych podstawowym wskazaniem do obj\u0119cia ich opiek\u0105 jest zaawansowana choroba psychiczna lub uzale\u017cnienie (korzystaj\u0105ce ze \u015bwiadcze\u0144 zdrowotnych z zakresu opieki psychiatrycznej i leczenia uzale\u017cnie\u0144).<\/p>\n<p>Wsparcie skierowane b\u0119dzie r\u00f3wnie\u017c do opiekun\u00f3w faktycznych os\u00f3b niesamodzielnych \u2013 60 os\u00f3b \u2013 wsparcie w formie szkole\u0144 dot. opieki nad osobami niesamodzielnymi, wsparcie psychologiczne.<\/p>\n<p>ZASADY KWALIFIKOWANIA I TRYB KIEROWANIA DO DZIENNEGO DOMU OPIEKI MEDYCZNEJ<\/p>\n<p>Kierowanie do dziennego domu opieki medycznej odbywa si\u0119 na podstawie skierowania\u00a0(za\u0142\u0105cznik nr 1) oraz karty oceny stanu klinicznego, sporz\u0105dzanej z zastosowaniem skali poziomu samodzielno\u015bci &#8211; Skala Barthel (za\u0142\u0105cznik nr 2).<br \/>Skierowanie do dziennego domu opieki medycznej wydaje:<\/p>\n<ul>\n<li>lekarz podstawowej opieki zdrowotnej,<\/li>\n<li>w przypadku pacjent\u00f3w bezpo\u015brednio po leczeniu szpitalnym \u2013 lekarz ubezpieczenia zdrowotnego udzielaj\u0105cy \u015bwiadcze\u0144 w szpitalu.<\/li>\n<\/ul>\n<p>ODP\u0141ATNO\u015a\u0106<br \/>Op\u0142ata za ka\u017cdy dzie\u0144 w DDOM w Milan\u00f3wku wynosi 6,00z\u0142 brutto.<\/p>\n<p>Uczestnicy projektu kt\u00f3rych doch\u00f3d nie przekracza 150% kryterium dochodowego (na osob\u0119 samodzielnie gospodaruj\u0105c\u0105 lub na osob\u0119 w rodzinie) o kt\u00f3rym mowa w ustawie o pomocy spo\u0142ecznej z dnia 12.03.2004r s\u0105 zwolnione z op\u0142at,<\/p>\n<p>Uczestnicy projektu kt\u00f3rych doch\u00f3d przekracza 150% kryterium dochodowego (na osob\u0119 samodzielnie gospodaruj\u0105c\u0105 lub na osob\u0119 w rodzinie) o kt\u00f3rym mowa w ustawie o pomocy spo\u0142ecznej z dnia 12.03.2004r mog\u0105 wnioskowa\u0107 o zwolnienie z op\u0142at wykazuj\u0105c powody uzasadniaj\u0105ce zwolnienie.<\/p>\n<p>CZAS PRACY DZIENNEGO DOMU OPIEKI MEDYCZNEJ<br \/>Dzienny Dom Opieki Medycznej funkcjonowa\u0107 b\u0119dzie przez ca\u0142y rok, we wszystkie dni robocze, w godzinach\u00a0 8:00 \u2013 18:00\u00a0<\/p>\n<p>CZAS TRWANIA POBYTU W DZIENNYM DOMU OPIEKI MEDYCZNEJ<br \/>Czas trwania pobytu w dziennym domu opieki medycznej b\u0119dzie ustalany indywidualnie przez zesp\u00f3\u0142 terapeutyczny i nie mo\u017ce by\u0107 kr\u00f3tszy ni\u017c 30 dni roboczych i d\u0142u\u017cszy ni\u017c 120 dni roboczych. Pobyt mo\u017ce zosta\u0107 skr\u00f3cony z za\u0142o\u017conych 30 dni w przypadku dobrowolnej rezygnacji pacjenta oraz w przypadku pogorszenia si\u0119 stanu zdrowia, wymagaj\u0105cego realizacji \u015bwiadcze\u0144 zdrowotnych w warunkach stacjonarnych (leczenie szpitalne, stacjonarne i ca\u0142odobowe \u015bwiadczenia zdrowotne inne ni\u017c szpitalne).\u00a0<\/p>\n<p>W pierwszym miesi\u0105cu, pacjenci przebywa\u0107 b\u0119d\u0105 w domu opieki medycznej przez 5 dni w tygodniu przez 8-10 godzin dziennie, nast\u0119pnie w zale\u017cno\u015bci od poprawy stanu zdrowia, liczba i cz\u0119stotliwo\u015b\u0107 udzielanych \u015bwiadcze\u0144 mo\u017ce by\u0107 stopniowo zmniejszana w zale\u017cno\u015bci od potrzeb indywidualnych ka\u017cdego pacjenta, jednak nie mo\u017ce odbywa\u0107 si\u0119 w czasie kr\u00f3tszym ni\u017c 4 godziny dziennie.<\/p>\n<p>ZAKRES WSPARCIA<br \/>DDOM b\u0119dzie zapewnia\u0142 okre\u015blone us\u0142ugi opieki medycznej oraz socjalnej.\u00a0Zakres wsparcia obejmie: \u015bwiadczenia piel\u0119gnacyjne, opieku\u0144cze i rehabilitacyjne dostosowane do stanu zdrowia odbiorc\u00f3w, w tym:<\/p>\n<ul>\n<li>opiek\u0119 piel\u0119gniarsk\u0105,<\/li>\n<li>edukacj\u0119 zdrowotn\u0105 pacjenta w zakresie samoopieki i samopiel\u0119gnacji,<\/li>\n<li>doradztwo w organizacji leczenia, doborze odpowiednich wyrob\u00f3w medycznych,<\/li>\n<li>nadz\u00f3r nad terapi\u0105 farmakologiczn\u0105,<\/li>\n<li>usprawnienie ruchowe( kinezyterapi\u0119)<\/li>\n<li>stymulacj\u0119\u00a0 proces\u00f3w poznawczych,<\/li>\n<li>terapi\u0119 zaj\u0119ciow\u0105<\/li>\n<li>badania diagnostyczne i konsultacje specjalistyczne (ortopedyczne, geriatryczne)<\/li>\n<li>gry i konkursy, dyskusje utrzymuj\u0105ce sprawno\u015b\u0107 intelektualn\u0105,<\/li>\n<li>dost\u0119p do stanowiska komputerowego z wej\u015bciem do Internetu,<\/li>\n<li>dzia\u0142ania edukacyjne dla cz\u0142onk\u00f3w rodzin i opiekun\u00f3w,<\/li>\n<li>wsparcie psychologiczne,<\/li>\n<li>fizykoterapi\u0119<\/li>\n<li>posi\u0142ki(obiad i podwieczorek) w formie cateringu,<\/li>\n<li>udzia\u0142 w spotkaniach integracyjnych,<\/li>\n<li>udzia\u0142 w zaj\u0119ciach relaksacyjnych.<\/li>\n<\/ul>\n<p>W zakresie koniecznym do wykonania \u015bwiadcze\u0144 oraz w razie pilnej potrzeby i w zale\u017cno\u015bci od wskazania medycznego zapewnione zostan\u0105 pacjentowi w ramach projektu niezb\u0119dne badania diagnostyczne oraz specjalistyczne konsultacje lekarskie.<\/p>\n<p>Poza \u015bwiadczeniami opieki zdrowotnej pacjentom przebywaj\u0105cym w dziennym domu opieki medycznej zapewnione zostanie odpowiednie do stanu zdrowia wy\u017cywienie, prowadzone b\u0119d\u0105 zaj\u0119cia dodatkowe, pozwalaj\u0105ce na zagospodarowanie czasu wolnego pomi\u0119dzy udzielanymi \u015bwiadczeniami zdrowotnymi oraz w razie potrzeby bezp\u0142atny transport z miejsca zamieszkania do domu opieki medycznej i powr\u00f3t do miejsca zamieszkania.<\/p>\n<p>Wszystkie us\u0142ugi w ramach projektu DDOM b\u0119d\u0105 bezp\u0142atne dla uprawnionych odbiorc\u00f3w.<\/p>\n<p>KADRA DDOM<br \/>Wymienione powy\u017cej formy wsparcia b\u0119dzie realizowa\u0107 nast\u0119puj\u0105ca kadra specjalist\u00f3w:<\/p>\n<ul>\n<li>lekarz ubezpieczenia zdrowotnego \u2013\u00a0 udziela\u0107 b\u0119dzie \u015bwiadcze\u0144 w zale\u017cno\u015bci od potrzeb pacjenta,<\/li>\n<li>lekarz specjalista w dziedzinie rehabilitacji medycznej \u2013 zapewnienie konsultacji po przyj\u0119ciu i przed wypisaniem pacjenta oraz w razie potrzeby,<\/li>\n<li>lekarz specjalista w dziedzinie geriatrii\u2013 zapewnienie konsultacji po przyj\u0119ciu i przed wypisaniem pacjenta oraz w razie potrzeby,<\/li>\n<li>piel\u0119gniarka pe\u0142ni\u0105ca funkcje kierownika zespo\u0142u terapeutycznego, sprawuj\u0105cego opiek\u0119 nad pacjentem, wsp\u00f3\u0142pracuj\u0105ca z pozosta\u0142ymi cz\u0142onkami zespo\u0142u<\/li>\n<li>piel\u0119gniarka\u00a0 posiadaj\u0105ca do\u015bwiadczenie w opiece nad osobami przewlekle chorymi<\/li>\n<li>fizjoterapeuta<\/li>\n<li>terapeuta zaj\u0119ciowy<\/li>\n<li>opiekun medyczny<\/li>\n<li>psycholog\/psychoterapeuta\u00a0<\/li>\n<li>dietetyk\/logopeda\/afazjolog \u2013 udzielanie \u015bwiadcze\u0144 w zale\u017cno\u015bci od potrzeb pacjenta<\/li>\n<\/ul>\n<p>MIEJSCE REALIZACJI ZADANIA<br \/>Dzienny Dom Opieki Medycznej Polskiego Komitetu Pomocy Spo\u0142ecznej\u00a0 b\u0119dzie funkcjonowa\u0142 w budynku PKPS w Milan\u00f3wku przy ul Ko\u015bciuszki 116.<\/p>\n<p>REJESTRACJA<br \/>Forma rejestracji:\u00a0<\/p>\n<ul>\n<li>telefonicznie 501\u00a0384 059<\/li>\n<li>bezpo\u015brednio w Biurze Projektu ul. Ko\u015bciuszki 116, Milan\u00f3wek<\/li>\n<li>na adres mailowy: \u00a0\u00a0\u00a0\u00a0 <a href=\"mailto:ddom.milanowek@gmail.com\">ddom.milanowek@gmail.com <\/a><a style=\"font-size: inherit;\" href=\"mailto:magazyn.rn@pkps.org.pl\">magazyn.rn@pkps.org.pl<\/a><\/li>\n<\/ul>\n<p>Rejestracja odbywa si\u0119 wg kolejno\u015bci przyj\u0119tych skierowa\u0144: liczy si\u0119 dzie\u0144 wp\u0142ywu.<\/p>\n<p>Kryteria: zgodnie z kolejno\u015bci\u0105 przyj\u0119tych skierowa\u0144-nie b\u0119d\u0105 stosowane dodatkowe kryteria pierwsze\u0144stwa (w procesie rekrutacji zostanie uwzgl\u0119dniona\u00a0 r\u00f3wno\u015bci szans i niedyskryminacji).<br \/>Utworzona zostanie lista rezerwowa potencjalnych uczestnik\u00f3w: wg kolejno\u015bci przyj\u0119tych skierowa\u0144 po uwzgl\u0119dnieniu listy uczestnik\u00f3w projektu-na bie\u017c\u0105co lista uczestnik\u00f3w b\u0119dzie uzupe\u0142niana z listy rezerwowej.<\/p>\n<p>Dokumenty na podstawie kt\u00f3rych nast\u0105pi kwalifikacja oraz rekrutacja potencjalnych uczestnik\u00f3w projektu:\u00a0<\/p>\n<ul>\n<li>skierowanie do DDOM\u00a0 \u00a0(za\u0142\u0105cznik nr 1)<\/li>\n<li>karta oceny stanu klinicznego sporz\u0105dzanej z zastosowaniem skali poziomu samodzielno\u015bci (skala Barthel)\u00a0 (za\u0142\u0105cznik nr 2)<\/li>\n<\/ul>\n<p>ZAPRASZAMY SERDECZNIE<\/p>\n<p><img decoding=\"async\" class=\"alignnone size-full wp-image-1429\" src=\"https:\/\/pkps.org.pl\/wp-content\/uploads\/2020\/06\/Logo-RPO-WM-2018-nowe-1.png\" alt=\"LOGO RPO WM\" width=\"8182\" height=\"888\" srcset=\"https:\/\/pkps.org.pl\/wp-content\/uploads\/2020\/06\/Logo-RPO-WM-2018-nowe-1.png 8182w, https:\/\/pkps.org.pl\/wp-content\/uploads\/2020\/06\/Logo-RPO-WM-2018-nowe-1-300x33.png 300w, https:\/\/pkps.org.pl\/wp-content\/uploads\/2020\/06\/Logo-RPO-WM-2018-nowe-1-1024x111.png 1024w, https:\/\/pkps.org.pl\/wp-content\/uploads\/2020\/06\/Logo-RPO-WM-2018-nowe-1-768x83.png 768w, https:\/\/pkps.org.pl\/wp-content\/uploads\/2020\/06\/Logo-RPO-WM-2018-nowe-1-1536x167.png 1536w, https:\/\/pkps.org.pl\/wp-content\/uploads\/2020\/06\/Logo-RPO-WM-2018-nowe-1-2048x222.png 2048w\" sizes=\"(max-width: 8182px) 100vw, 8182px\" \/><\/p>\n<\/div>\n<\/div>\n<\/div>\n\n\n<blockquote>\n<p>Za\u0142\u0105czniki:<\/p>\n<\/blockquote>\n<p><a href=\"https:\/\/pkps.org.pl\/wp-content\/uploads\/2020\/06\/Za\u0142.-1-SKIEROWANIE-DO-DZIENNEGO-DOMU-OPIEKI-MEDYCZNEJ.pdf\">Za\u0142. 1 SKIEROWANIE DO DZIENNEGO DOMU OPIEKI MEDYCZNEJ<\/a><\/p>\n<p><a href=\"https:\/\/pkps.org.pl\/wp-content\/uploads\/2020\/06\/ZA\u0141.-2-KARTA-OCENY-\u015aWIADCZENIOBIORCY.pdf\">ZA\u0141. 2 KARTA OCENY \u015aWIADCZENIOBIORCY<\/a><\/p>\n<p><a href=\"https:\/\/pkps.org.pl\/wp-content\/uploads\/2020\/06\/3.-OCENA-stanu-zdrowia-za\u0142.-do-skierowania-\u015aWIADCZENIOBIORCY.pdf\">ZA\u0141 3. OCENA stanu zdrowia za\u0142. do skierowania \u015aWIADCZENIOBIORCY<\/a><\/p>\n<p><a href=\"https:\/\/pkps.org.pl\/wp-content\/uploads\/2020\/06\/ZA\u0141\u0104CZNIK-NR-1_Formularz-zg\u0142oszeniowy-i-deklaracja-PKPS.pdf\">ZA\u0141\u0104CZNIK-NR-1_Formularz-zg\u0142oszeniowy-i-deklaracja uczestnictwa PKPS<\/a><\/p>\n<p>\u00a0<\/p>\n<p>\u00a0<\/p>\n","protected":false},"excerpt":{"rendered":"<p>Polski Komitet Pomocy Spo\u0142ecznej uprzejmie informuje, \u017ce z powodu pandemii koronawirusa, w trosce o bezpiecze\u0144stwo uczestnik\u00f3w dziennego domu opieki medycznej, a tak\u017ce pracownik\u00f3w plac\u00f3wki, dzia\u0142alno\u015b\u0107 domu za zgod\u0105 MJPU \u00a0rozpocznie si\u0119 1 lipca 2020r.- \u00a0oczekujemy Pa\u0144stwa . Wszystkie dzia\u0142ania przewidziane do realizacji b\u0119d\u0105 prowadzone z zachowaniem warunk\u00f3w sanitarno- higienicznych, z wykorzystaniem \u015brodk\u00f3w ochrony osobistej.\u00a0 \u00a0 [&hellip;]<\/p>\n","protected":false},"author":3,"featured_media":0,"parent":0,"menu_order":0,"comment_status":"closed","ping_status":"closed","template":"","meta":{"footnotes":"","_links_to":"","_links_to_target":""},"class_list":["post-1428","page","type-page","status-publish","hentry"],"yoast_head":"<!-- This site is optimized with the Yoast SEO plugin v27.4 - https:\/\/yoast.com\/product\/yoast-seo-wordpress\/ -->\n<title>DZIENNY DOM OPIEKI MEDYCZNEJ W MILAN\u00d3WKU - Polski Komitet Pomocy Spo\u0142ecznej<\/title>\n<meta name=\"robots\" content=\"index, follow, max-snippet:-1, max-image-preview:large, max-video-preview:-1\" \/>\n<link rel=\"canonical\" href=\"https:\/\/pkps.org.pl\/?page_id=1428\" \/>\n<meta property=\"og:locale\" content=\"pl_PL\" \/>\n<meta property=\"og:type\" content=\"article\" \/>\n<meta property=\"og:title\" content=\"DZIENNY DOM OPIEKI MEDYCZNEJ W MILAN\u00d3WKU - Polski Komitet Pomocy Spo\u0142ecznej\" \/>\n<meta property=\"og:description\" content=\"Polski Komitet Pomocy Spo\u0142ecznej uprzejmie informuje, \u017ce z powodu pandemii koronawirusa, w trosce o bezpiecze\u0144stwo uczestnik\u00f3w dziennego domu opieki medycznej, a tak\u017ce pracownik\u00f3w plac\u00f3wki, dzia\u0142alno\u015b\u0107 domu za zgod\u0105 MJPU \u00a0rozpocznie si\u0119 1 lipca 2020r.- \u00a0oczekujemy Pa\u0144stwa . Wszystkie dzia\u0142ania przewidziane do realizacji b\u0119d\u0105 prowadzone z zachowaniem warunk\u00f3w sanitarno- higienicznych, z wykorzystaniem \u015brodk\u00f3w ochrony osobistej.\u00a0 \u00a0 [&hellip;]\" \/>\n<meta property=\"og:url\" content=\"https:\/\/pkps.org.pl\/?page_id=1428\" \/>\n<meta property=\"og:site_name\" content=\"Polski Komitet Pomocy Spo\u0142ecznej\" \/>\n<meta property=\"article:modified_time\" content=\"2020-06-12T09:48:15+00:00\" \/>\n<meta property=\"og:image\" content=\"https:\/\/pkps.org.pl\/wp-content\/uploads\/2020\/06\/Zrzut-ekranu-2020-06-11-o-11.49.34.png\" \/>\n<meta name=\"twitter:card\" content=\"summary_large_image\" \/>\n<meta name=\"twitter:label1\" content=\"Szacowany czas czytania\" \/>\n\t<meta name=\"twitter:data1\" content=\"8 minut\" \/>\n<script type=\"application\/ld+json\" class=\"yoast-schema-graph\">{\"@context\":\"https:\\\/\\\/schema.org\",\"@graph\":[{\"@type\":\"WebPage\",\"@id\":\"https:\\\/\\\/pkps.org.pl\\\/?page_id=1428\",\"url\":\"https:\\\/\\\/pkps.org.pl\\\/?page_id=1428\",\"name\":\"DZIENNY DOM OPIEKI MEDYCZNEJ W MILAN\u00d3WKU - Polski Komitet Pomocy Spo\u0142ecznej\",\"isPartOf\":{\"@id\":\"https:\\\/\\\/pkps.org.pl\\\/#website\"},\"primaryImageOfPage\":{\"@id\":\"https:\\\/\\\/pkps.org.pl\\\/?page_id=1428#primaryimage\"},\"image\":{\"@id\":\"https:\\\/\\\/pkps.org.pl\\\/?page_id=1428#primaryimage\"},\"thumbnailUrl\":\"https:\\\/\\\/pkps.org.pl\\\/wp-content\\\/uploads\\\/2020\\\/06\\\/Zrzut-ekranu-2020-06-11-o-11.49.34.png\",\"datePublished\":\"2020-06-11T09:48:16+00:00\",\"dateModified\":\"2020-06-12T09:48:15+00:00\",\"breadcrumb\":{\"@id\":\"https:\\\/\\\/pkps.org.pl\\\/?page_id=1428#breadcrumb\"},\"inLanguage\":\"pl-PL\",\"potentialAction\":[{\"@type\":\"ReadAction\",\"target\":[\"https:\\\/\\\/pkps.org.pl\\\/?page_id=1428\"]}]},{\"@type\":\"ImageObject\",\"inLanguage\":\"pl-PL\",\"@id\":\"https:\\\/\\\/pkps.org.pl\\\/?page_id=1428#primaryimage\",\"url\":\"https:\\\/\\\/pkps.org.pl\\\/wp-content\\\/uploads\\\/2020\\\/06\\\/Zrzut-ekranu-2020-06-11-o-11.49.34.png\",\"contentUrl\":\"https:\\\/\\\/pkps.org.pl\\\/wp-content\\\/uploads\\\/2020\\\/06\\\/Zrzut-ekranu-2020-06-11-o-11.49.34.png\",\"width\":1788,\"height\":307,\"caption\":\"Milan\u00f3wek zdj\u0119cie o\u015brodka\"},{\"@type\":\"BreadcrumbList\",\"@id\":\"https:\\\/\\\/pkps.org.pl\\\/?page_id=1428#breadcrumb\",\"itemListElement\":[{\"@type\":\"ListItem\",\"position\":1,\"name\":\"Strona g\u0142\u00f3wna\",\"item\":\"https:\\\/\\\/pkps.org.pl\\\/\"},{\"@type\":\"ListItem\",\"position\":2,\"name\":\"DZIENNY DOM OPIEKI MEDYCZNEJ W MILAN\u00d3WKU\"}]},{\"@type\":\"WebSite\",\"@id\":\"https:\\\/\\\/pkps.org.pl\\\/#website\",\"url\":\"https:\\\/\\\/pkps.org.pl\\\/\",\"name\":\"Polski Komitet Pomocy Spo\u0142ecznej\",\"description\":\"Strona Polskiego Komitetu Pomocy Spo\u0142ecznej\",\"publisher\":{\"@id\":\"https:\\\/\\\/pkps.org.pl\\\/#organization\"},\"potentialAction\":[{\"@type\":\"SearchAction\",\"target\":{\"@type\":\"EntryPoint\",\"urlTemplate\":\"https:\\\/\\\/pkps.org.pl\\\/?s={search_term_string}\"},\"query-input\":{\"@type\":\"PropertyValueSpecification\",\"valueRequired\":true,\"valueName\":\"search_term_string\"}}],\"inLanguage\":\"pl-PL\"},{\"@type\":\"Organization\",\"@id\":\"https:\\\/\\\/pkps.org.pl\\\/#organization\",\"name\":\"Polski Komitet Pomocy Spo\u0142ecznej\",\"url\":\"https:\\\/\\\/pkps.org.pl\\\/\",\"logo\":{\"@type\":\"ImageObject\",\"inLanguage\":\"pl-PL\",\"@id\":\"https:\\\/\\\/pkps.org.pl\\\/#\\\/schema\\\/logo\\\/image\\\/\",\"url\":\"https:\\\/\\\/pkps.org.pl\\\/wp-content\\\/uploads\\\/2016\\\/12\\\/PKPS-Logo-1.jpg\",\"contentUrl\":\"https:\\\/\\\/pkps.org.pl\\\/wp-content\\\/uploads\\\/2016\\\/12\\\/PKPS-Logo-1.jpg\",\"width\":299,\"height\":408,\"caption\":\"Polski Komitet Pomocy Spo\u0142ecznej\"},\"image\":{\"@id\":\"https:\\\/\\\/pkps.org.pl\\\/#\\\/schema\\\/logo\\\/image\\\/\"}}]}<\/script>\n<!-- \/ Yoast SEO plugin. -->","yoast_head_json":{"title":"DZIENNY DOM OPIEKI MEDYCZNEJ W MILAN\u00d3WKU - Polski Komitet Pomocy Spo\u0142ecznej","robots":{"index":"index","follow":"follow","max-snippet":"max-snippet:-1","max-image-preview":"max-image-preview:large","max-video-preview":"max-video-preview:-1"},"canonical":"https:\/\/pkps.org.pl\/?page_id=1428","og_locale":"pl_PL","og_type":"article","og_title":"DZIENNY DOM OPIEKI MEDYCZNEJ W MILAN\u00d3WKU - Polski Komitet Pomocy Spo\u0142ecznej","og_description":"Polski Komitet Pomocy Spo\u0142ecznej uprzejmie informuje, \u017ce z powodu pandemii koronawirusa, w trosce o bezpiecze\u0144stwo uczestnik\u00f3w dziennego domu opieki medycznej, a tak\u017ce pracownik\u00f3w plac\u00f3wki, dzia\u0142alno\u015b\u0107 domu za zgod\u0105 MJPU \u00a0rozpocznie si\u0119 1 lipca 2020r.- \u00a0oczekujemy Pa\u0144stwa . Wszystkie dzia\u0142ania przewidziane do realizacji b\u0119d\u0105 prowadzone z zachowaniem warunk\u00f3w sanitarno- higienicznych, z wykorzystaniem \u015brodk\u00f3w ochrony osobistej.\u00a0 \u00a0 [&hellip;]","og_url":"https:\/\/pkps.org.pl\/?page_id=1428","og_site_name":"Polski Komitet Pomocy Spo\u0142ecznej","article_modified_time":"2020-06-12T09:48:15+00:00","og_image":[{"url":"https:\/\/pkps.org.pl\/wp-content\/uploads\/2020\/06\/Zrzut-ekranu-2020-06-11-o-11.49.34.png","type":"","width":"","height":""}],"twitter_card":"summary_large_image","twitter_misc":{"Szacowany czas czytania":"8 minut"},"schema":{"@context":"https:\/\/schema.org","@graph":[{"@type":"WebPage","@id":"https:\/\/pkps.org.pl\/?page_id=1428","url":"https:\/\/pkps.org.pl\/?page_id=1428","name":"DZIENNY DOM OPIEKI MEDYCZNEJ W MILAN\u00d3WKU - Polski Komitet Pomocy Spo\u0142ecznej","isPartOf":{"@id":"https:\/\/pkps.org.pl\/#website"},"primaryImageOfPage":{"@id":"https:\/\/pkps.org.pl\/?page_id=1428#primaryimage"},"image":{"@id":"https:\/\/pkps.org.pl\/?page_id=1428#primaryimage"},"thumbnailUrl":"https:\/\/pkps.org.pl\/wp-content\/uploads\/2020\/06\/Zrzut-ekranu-2020-06-11-o-11.49.34.png","datePublished":"2020-06-11T09:48:16+00:00","dateModified":"2020-06-12T09:48:15+00:00","breadcrumb":{"@id":"https:\/\/pkps.org.pl\/?page_id=1428#breadcrumb"},"inLanguage":"pl-PL","potentialAction":[{"@type":"ReadAction","target":["https:\/\/pkps.org.pl\/?page_id=1428"]}]},{"@type":"ImageObject","inLanguage":"pl-PL","@id":"https:\/\/pkps.org.pl\/?page_id=1428#primaryimage","url":"https:\/\/pkps.org.pl\/wp-content\/uploads\/2020\/06\/Zrzut-ekranu-2020-06-11-o-11.49.34.png","contentUrl":"https:\/\/pkps.org.pl\/wp-content\/uploads\/2020\/06\/Zrzut-ekranu-2020-06-11-o-11.49.34.png","width":1788,"height":307,"caption":"Milan\u00f3wek zdj\u0119cie o\u015brodka"},{"@type":"BreadcrumbList","@id":"https:\/\/pkps.org.pl\/?page_id=1428#breadcrumb","itemListElement":[{"@type":"ListItem","position":1,"name":"Strona g\u0142\u00f3wna","item":"https:\/\/pkps.org.pl\/"},{"@type":"ListItem","position":2,"name":"DZIENNY DOM OPIEKI MEDYCZNEJ W MILAN\u00d3WKU"}]},{"@type":"WebSite","@id":"https:\/\/pkps.org.pl\/#website","url":"https:\/\/pkps.org.pl\/","name":"Polski Komitet Pomocy Spo\u0142ecznej","description":"Strona Polskiego Komitetu Pomocy Spo\u0142ecznej","publisher":{"@id":"https:\/\/pkps.org.pl\/#organization"},"potentialAction":[{"@type":"SearchAction","target":{"@type":"EntryPoint","urlTemplate":"https:\/\/pkps.org.pl\/?s={search_term_string}"},"query-input":{"@type":"PropertyValueSpecification","valueRequired":true,"valueName":"search_term_string"}}],"inLanguage":"pl-PL"},{"@type":"Organization","@id":"https:\/\/pkps.org.pl\/#organization","name":"Polski Komitet Pomocy Spo\u0142ecznej","url":"https:\/\/pkps.org.pl\/","logo":{"@type":"ImageObject","inLanguage":"pl-PL","@id":"https:\/\/pkps.org.pl\/#\/schema\/logo\/image\/","url":"https:\/\/pkps.org.pl\/wp-content\/uploads\/2016\/12\/PKPS-Logo-1.jpg","contentUrl":"https:\/\/pkps.org.pl\/wp-content\/uploads\/2016\/12\/PKPS-Logo-1.jpg","width":299,"height":408,"caption":"Polski Komitet Pomocy Spo\u0142ecznej"},"image":{"@id":"https:\/\/pkps.org.pl\/#\/schema\/logo\/image\/"}}]}},"_links":{"self":[{"href":"https:\/\/pkps.org.pl\/index.php?rest_route=\/wp\/v2\/pages\/1428","targetHints":{"allow":["GET"]}}],"collection":[{"href":"https:\/\/pkps.org.pl\/index.php?rest_route=\/wp\/v2\/pages"}],"about":[{"href":"https:\/\/pkps.org.pl\/index.php?rest_route=\/wp\/v2\/types\/page"}],"author":[{"embeddable":true,"href":"https:\/\/pkps.org.pl\/index.php?rest_route=\/wp\/v2\/users\/3"}],"replies":[{"embeddable":true,"href":"https:\/\/pkps.org.pl\/index.php?rest_route=%2Fwp%2Fv2%2Fcomments&post=1428"}],"version-history":[{"count":10,"href":"https:\/\/pkps.org.pl\/index.php?rest_route=\/wp\/v2\/pages\/1428\/revisions"}],"predecessor-version":[{"id":2223,"href":"https:\/\/pkps.org.pl\/index.php?rest_route=\/wp\/v2\/pages\/1428\/revisions\/2223"}],"wp:attachment":[{"href":"https:\/\/pkps.org.pl\/index.php?rest_route=%2Fwp%2Fv2%2Fmedia&parent=1428"}],"curies":[{"name":"wp","href":"https:\/\/api.w.org\/{rel}","templated":true}]}}