{"id":2451,"date":"2024-02-22T15:29:49","date_gmt":"2024-02-22T15:29:49","guid":{"rendered":"https:\/\/pkps.org.pl\/?page_id=2451"},"modified":"2025-04-14T11:22:13","modified_gmt":"2025-04-14T11:22:13","slug":"zapraszamy-seniorow-na-pobyt-w-placowce-opieki-calodobowej","status":"publish","type":"page","link":"https:\/\/pkps.org.pl\/?page_id=2451","title":{"rendered":"Zapraszamy Senior\u00f3w na pobyt w plac\u00f3wce opieki ca\u0142odobowej"},"content":{"rendered":"<div>Szanowni Pa\u0144stwo,<\/div>\n<div>Serdecznie zapraszamy Senior\u00f3w na pobyt w plac\u00f3wce opieki ca\u0142odobowej prowadzonej w ramach odp\u0142atnej dzia\u0142alno\u015bci PKPS w trwa\u0142o\u015bci projektu pn. \u201eUruchomienie Opieki Wytchnieniowej przy Dziennym Domu Pobytu PKPS w Milan\u00f3wku\u201e \u2013 RPMA.09.02.01-14-e116\/20.<\/div>\n<div>Jednocze\u015bnie informujemy, \u017ce dost\u0119pna na dzie\u0144 <b>14.04.2025 r<\/b>. liczba miejsc w plac\u00f3wce wynosi <b>16.<\/b><\/div>\n<div>Zainteresowane osoby lub rodziny zach\u0119camy do kontaktu: 501 384 059.<\/div>\n<div><\/div>\n<div>Dokumenty niezb\u0119dne do ubiegania si\u0119 o miejsce s\u0105 do pobrania tutaj (<a href=\"https:\/\/pkps.org.pl\/wp-content\/uploads\/2024\/02\/Zaswiadczenia-lekarskie-Wytchnieniowka.pdf\">Za\u015bwiadczenie lekarskie<\/a> i <a href=\"https:\/\/pkps.org.pl\/wp-content\/uploads\/2024\/02\/Zlecenie-na-podawanie-lekow-Wytchnieniowa.pdf\">Zlecenie na podawanie lek\u00f3w<\/a>).<\/div>\n","protected":false},"excerpt":{"rendered":"<p>Szanowni Pa\u0144stwo, Serdecznie zapraszamy Senior\u00f3w na pobyt w plac\u00f3wce opieki ca\u0142odobowej prowadzonej w ramach odp\u0142atnej dzia\u0142alno\u015bci PKPS w trwa\u0142o\u015bci projektu pn. \u201eUruchomienie Opieki Wytchnieniowej przy Dziennym Domu Pobytu PKPS w Milan\u00f3wku\u201e \u2013 RPMA.09.02.01-14-e116\/20. Jednocze\u015bnie informujemy, \u017ce dost\u0119pna na dzie\u0144 14.04.2025 r. liczba miejsc w plac\u00f3wce wynosi 16. Zainteresowane osoby lub rodziny zach\u0119camy do kontaktu: 501 [&hellip;]<\/p>\n","protected":false},"author":3,"featured_media":0,"parent":0,"menu_order":0,"comment_status":"closed","ping_status":"closed","template":"","meta":{"footnotes":"","_links_to":"","_links_to_target":""},"class_list":["post-2451","page","type-page","status-publish","hentry"],"yoast_head":"<!-- This site is optimized with the Yoast SEO plugin v27.4 - https:\/\/yoast.com\/product\/yoast-seo-wordpress\/ -->\n<title>Zapraszamy Senior\u00f3w na pobyt w plac\u00f3wce opieki ca\u0142odobowej - Polski Komitet Pomocy Spo\u0142ecznej<\/title>\n<meta name=\"robots\" content=\"index, follow, max-snippet:-1, max-image-preview:large, max-video-preview:-1\" \/>\n<link rel=\"canonical\" href=\"https:\/\/pkps.org.pl\/?page_id=2451\" \/>\n<meta property=\"og:locale\" content=\"pl_PL\" \/>\n<meta property=\"og:type\" content=\"article\" \/>\n<meta property=\"og:title\" content=\"Zapraszamy Senior\u00f3w na pobyt w plac\u00f3wce opieki ca\u0142odobowej - Polski Komitet Pomocy Spo\u0142ecznej\" \/>\n<meta property=\"og:description\" content=\"Szanowni Pa\u0144stwo, Serdecznie zapraszamy Senior\u00f3w na pobyt w plac\u00f3wce opieki ca\u0142odobowej prowadzonej w ramach odp\u0142atnej dzia\u0142alno\u015bci PKPS w trwa\u0142o\u015bci projektu pn. \u201eUruchomienie Opieki Wytchnieniowej przy Dziennym Domu Pobytu PKPS w Milan\u00f3wku\u201e \u2013 RPMA.09.02.01-14-e116\/20. Jednocze\u015bnie informujemy, \u017ce dost\u0119pna na dzie\u0144 14.04.2025 r. liczba miejsc w plac\u00f3wce wynosi 16. Zainteresowane osoby lub rodziny zach\u0119camy do kontaktu: 501 [&hellip;]\" \/>\n<meta property=\"og:url\" content=\"https:\/\/pkps.org.pl\/?page_id=2451\" \/>\n<meta property=\"og:site_name\" content=\"Polski Komitet Pomocy Spo\u0142ecznej\" \/>\n<meta property=\"article:modified_time\" content=\"2025-04-14T11:22:13+00:00\" \/>\n<meta name=\"twitter:card\" content=\"summary_large_image\" \/>\n<meta name=\"twitter:label1\" content=\"Szacowany czas czytania\" \/>\n\t<meta name=\"twitter:data1\" content=\"1 minuta\" \/>\n<script type=\"application\/ld+json\" class=\"yoast-schema-graph\">{\"@context\":\"https:\\\/\\\/schema.org\",\"@graph\":[{\"@type\":\"WebPage\",\"@id\":\"https:\\\/\\\/pkps.org.pl\\\/?page_id=2451\",\"url\":\"https:\\\/\\\/pkps.org.pl\\\/?page_id=2451\",\"name\":\"Zapraszamy Senior\u00f3w na pobyt w plac\u00f3wce opieki ca\u0142odobowej - Polski Komitet Pomocy Spo\u0142ecznej\",\"isPartOf\":{\"@id\":\"https:\\\/\\\/pkps.org.pl\\\/#website\"},\"datePublished\":\"2024-02-22T15:29:49+00:00\",\"dateModified\":\"2025-04-14T11:22:13+00:00\",\"breadcrumb\":{\"@id\":\"https:\\\/\\\/pkps.org.pl\\\/?page_id=2451#breadcrumb\"},\"inLanguage\":\"pl-PL\",\"potentialAction\":[{\"@type\":\"ReadAction\",\"target\":[\"https:\\\/\\\/pkps.org.pl\\\/?page_id=2451\"]}]},{\"@type\":\"BreadcrumbList\",\"@id\":\"https:\\\/\\\/pkps.org.pl\\\/?page_id=2451#breadcrumb\",\"itemListElement\":[{\"@type\":\"ListItem\",\"position\":1,\"name\":\"Strona g\u0142\u00f3wna\",\"item\":\"https:\\\/\\\/pkps.org.pl\\\/\"},{\"@type\":\"ListItem\",\"position\":2,\"name\":\"Zapraszamy Senior\u00f3w na pobyt w plac\u00f3wce opieki ca\u0142odobowej\"}]},{\"@type\":\"WebSite\",\"@id\":\"https:\\\/\\\/pkps.org.pl\\\/#website\",\"url\":\"https:\\\/\\\/pkps.org.pl\\\/\",\"name\":\"Polski Komitet Pomocy Spo\u0142ecznej\",\"description\":\"Strona Polskiego Komitetu Pomocy Spo\u0142ecznej\",\"publisher\":{\"@id\":\"https:\\\/\\\/pkps.org.pl\\\/#organization\"},\"potentialAction\":[{\"@type\":\"SearchAction\",\"target\":{\"@type\":\"EntryPoint\",\"urlTemplate\":\"https:\\\/\\\/pkps.org.pl\\\/?s={search_term_string}\"},\"query-input\":{\"@type\":\"PropertyValueSpecification\",\"valueRequired\":true,\"valueName\":\"search_term_string\"}}],\"inLanguage\":\"pl-PL\"},{\"@type\":\"Organization\",\"@id\":\"https:\\\/\\\/pkps.org.pl\\\/#organization\",\"name\":\"Polski Komitet Pomocy Spo\u0142ecznej\",\"url\":\"https:\\\/\\\/pkps.org.pl\\\/\",\"logo\":{\"@type\":\"ImageObject\",\"inLanguage\":\"pl-PL\",\"@id\":\"https:\\\/\\\/pkps.org.pl\\\/#\\\/schema\\\/logo\\\/image\\\/\",\"url\":\"https:\\\/\\\/pkps.org.pl\\\/wp-content\\\/uploads\\\/2016\\\/12\\\/PKPS-Logo-1.jpg\",\"contentUrl\":\"https:\\\/\\\/pkps.org.pl\\\/wp-content\\\/uploads\\\/2016\\\/12\\\/PKPS-Logo-1.jpg\",\"width\":299,\"height\":408,\"caption\":\"Polski Komitet Pomocy Spo\u0142ecznej\"},\"image\":{\"@id\":\"https:\\\/\\\/pkps.org.pl\\\/#\\\/schema\\\/logo\\\/image\\\/\"}}]}<\/script>\n<!-- \/ Yoast SEO plugin. -->","yoast_head_json":{"title":"Zapraszamy Senior\u00f3w na pobyt w plac\u00f3wce opieki ca\u0142odobowej - Polski Komitet Pomocy Spo\u0142ecznej","robots":{"index":"index","follow":"follow","max-snippet":"max-snippet:-1","max-image-preview":"max-image-preview:large","max-video-preview":"max-video-preview:-1"},"canonical":"https:\/\/pkps.org.pl\/?page_id=2451","og_locale":"pl_PL","og_type":"article","og_title":"Zapraszamy Senior\u00f3w na pobyt w plac\u00f3wce opieki ca\u0142odobowej - Polski Komitet Pomocy Spo\u0142ecznej","og_description":"Szanowni Pa\u0144stwo, Serdecznie zapraszamy Senior\u00f3w na pobyt w plac\u00f3wce opieki ca\u0142odobowej prowadzonej w ramach odp\u0142atnej dzia\u0142alno\u015bci PKPS w trwa\u0142o\u015bci projektu pn. \u201eUruchomienie Opieki Wytchnieniowej przy Dziennym Domu Pobytu PKPS w Milan\u00f3wku\u201e \u2013 RPMA.09.02.01-14-e116\/20. Jednocze\u015bnie informujemy, \u017ce dost\u0119pna na dzie\u0144 14.04.2025 r. liczba miejsc w plac\u00f3wce wynosi 16. Zainteresowane osoby lub rodziny zach\u0119camy do kontaktu: 501 [&hellip;]","og_url":"https:\/\/pkps.org.pl\/?page_id=2451","og_site_name":"Polski Komitet Pomocy Spo\u0142ecznej","article_modified_time":"2025-04-14T11:22:13+00:00","twitter_card":"summary_large_image","twitter_misc":{"Szacowany czas czytania":"1 minuta"},"schema":{"@context":"https:\/\/schema.org","@graph":[{"@type":"WebPage","@id":"https:\/\/pkps.org.pl\/?page_id=2451","url":"https:\/\/pkps.org.pl\/?page_id=2451","name":"Zapraszamy Senior\u00f3w na pobyt w plac\u00f3wce opieki ca\u0142odobowej - Polski Komitet Pomocy Spo\u0142ecznej","isPartOf":{"@id":"https:\/\/pkps.org.pl\/#website"},"datePublished":"2024-02-22T15:29:49+00:00","dateModified":"2025-04-14T11:22:13+00:00","breadcrumb":{"@id":"https:\/\/pkps.org.pl\/?page_id=2451#breadcrumb"},"inLanguage":"pl-PL","potentialAction":[{"@type":"ReadAction","target":["https:\/\/pkps.org.pl\/?page_id=2451"]}]},{"@type":"BreadcrumbList","@id":"https:\/\/pkps.org.pl\/?page_id=2451#breadcrumb","itemListElement":[{"@type":"ListItem","position":1,"name":"Strona g\u0142\u00f3wna","item":"https:\/\/pkps.org.pl\/"},{"@type":"ListItem","position":2,"name":"Zapraszamy Senior\u00f3w na pobyt w plac\u00f3wce opieki ca\u0142odobowej"}]},{"@type":"WebSite","@id":"https:\/\/pkps.org.pl\/#website","url":"https:\/\/pkps.org.pl\/","name":"Polski Komitet Pomocy Spo\u0142ecznej","description":"Strona Polskiego Komitetu Pomocy Spo\u0142ecznej","publisher":{"@id":"https:\/\/pkps.org.pl\/#organization"},"potentialAction":[{"@type":"SearchAction","target":{"@type":"EntryPoint","urlTemplate":"https:\/\/pkps.org.pl\/?s={search_term_string}"},"query-input":{"@type":"PropertyValueSpecification","valueRequired":true,"valueName":"search_term_string"}}],"inLanguage":"pl-PL"},{"@type":"Organization","@id":"https:\/\/pkps.org.pl\/#organization","name":"Polski Komitet Pomocy Spo\u0142ecznej","url":"https:\/\/pkps.org.pl\/","logo":{"@type":"ImageObject","inLanguage":"pl-PL","@id":"https:\/\/pkps.org.pl\/#\/schema\/logo\/image\/","url":"https:\/\/pkps.org.pl\/wp-content\/uploads\/2016\/12\/PKPS-Logo-1.jpg","contentUrl":"https:\/\/pkps.org.pl\/wp-content\/uploads\/2016\/12\/PKPS-Logo-1.jpg","width":299,"height":408,"caption":"Polski Komitet Pomocy Spo\u0142ecznej"},"image":{"@id":"https:\/\/pkps.org.pl\/#\/schema\/logo\/image\/"}}]}},"_links":{"self":[{"href":"https:\/\/pkps.org.pl\/index.php?rest_route=\/wp\/v2\/pages\/2451","targetHints":{"allow":["GET"]}}],"collection":[{"href":"https:\/\/pkps.org.pl\/index.php?rest_route=\/wp\/v2\/pages"}],"about":[{"href":"https:\/\/pkps.org.pl\/index.php?rest_route=\/wp\/v2\/types\/page"}],"author":[{"embeddable":true,"href":"https:\/\/pkps.org.pl\/index.php?rest_route=\/wp\/v2\/users\/3"}],"replies":[{"embeddable":true,"href":"https:\/\/pkps.org.pl\/index.php?rest_route=%2Fwp%2Fv2%2Fcomments&post=2451"}],"version-history":[{"count":3,"href":"https:\/\/pkps.org.pl\/index.php?rest_route=\/wp\/v2\/pages\/2451\/revisions"}],"predecessor-version":[{"id":2887,"href":"https:\/\/pkps.org.pl\/index.php?rest_route=\/wp\/v2\/pages\/2451\/revisions\/2887"}],"wp:attachment":[{"href":"https:\/\/pkps.org.pl\/index.php?rest_route=%2Fwp%2Fv2%2Fmedia&parent=2451"}],"curies":[{"name":"wp","href":"https:\/\/api.w.org\/{rel}","templated":true}]}}

Zapraszamy Seniorów na pobyt w placówce opieki całodobowej

<div>Szanowni Państwo,</div>
<div>Serdecznie zapraszamy Seniorów na pobyt w placówce opieki całodobowej prowadzonej w ramach odpłatnej działalności PKPS w trwałości projektu pn. „Uruchomienie Opieki Wytchnieniowej przy Dziennym Domu Pobytu PKPS w Milanówku„ – RPMA.09.02.01-14-e116/20.</div>
<div>Jednocześnie informujemy, że dostępna na dzień <b>14.04.2025 r</b>. liczba miejsc w placówce wynosi <b>16.</b></div>
<div>Zainteresowane osoby lub rodziny zachęcamy do kontaktu: 501 384 059.</div>
<div></div>
<div>Dokumenty niezbędne do ubiegania się o miejsce są do pobrania tutaj (<a href="https://pkps.org.pl/wp-content/uploads/2024/02/Zaswiadczenia-lekarskie-Wytchnieniowka.pdf">Zaświadczenie lekarskie</a> i <a href="https://pkps.org.pl/wp-content/uploads/2024/02/Zlecenie-na-podawanie-lekow-Wytchnieniowa.pdf">Zlecenie na podawanie leków</a>).</div>

<p>Szanowni Państwo, Serdecznie zapraszamy Seniorów na pobyt w placówce opieki całodobowej prowadzonej w ramach odpłatnej działalności PKPS w trwałości projektu pn. „Uruchomienie Opieki Wytchnieniowej przy Dziennym Domu Pobytu PKPS w Milanówku„ – RPMA.09.02.01-14-e116/20. Jednocześnie informujemy, że dostępna na dzień 14.04.2025 r. liczba miejsc w placówce wynosi 16. Zainteresowane osoby lub rodziny zachęcamy do kontaktu: 501 [&hellip;]</p>

<!-- This site is optimized with the Yoast SEO plugin v27.4 - https://yoast.com/product/yoast-seo-wordpress/ -->
<title>Zapraszamy Seniorów na pobyt w placówce opieki całodobowej - Polski Komitet Pomocy Społecznej</title>
<meta name="robots" content="index, follow, max-snippet:-1, max-image-preview:large, max-video-preview:-1" />
<link rel="canonical" href="https://pkps.org.pl/?page_id=2451" />
<meta property="og:locale" content="pl_PL" />
<meta property="og:type" content="article" />
<meta property="og:title" content="Zapraszamy Seniorów na pobyt w placówce opieki całodobowej - Polski Komitet Pomocy Społecznej" />
<meta property="og:description" content="Szanowni Państwo, Serdecznie zapraszamy Seniorów na pobyt w placówce opieki całodobowej prowadzonej w ramach odpłatnej działalności PKPS w trwałości projektu pn. „Uruchomienie Opieki Wytchnieniowej przy Dziennym Domu Pobytu PKPS w Milanówku„ – RPMA.09.02.01-14-e116/20. Jednocześnie informujemy, że dostępna na dzień 14.04.2025 r. liczba miejsc w placówce wynosi 16. Zainteresowane osoby lub rodziny zachęcamy do kontaktu: 501 [&hellip;]" />
<meta property="og:url" content="https://pkps.org.pl/?page_id=2451" />
<meta property="og:site_name" content="Polski Komitet Pomocy Społecznej" />
<meta property="article:modified_time" content="2025-04-14T11:22:13+00:00" />
<meta name="twitter:card" content="summary_large_image" />
<meta name="twitter:label1" content="Szacowany czas czytania" />
	<meta name="twitter:data1" content="1 minuta" />
<script type="application/ld+json" class="yoast-schema-graph">{"@context":"https:\/\/schema.org","@graph":[{"@type":"WebPage","@id":"https:\/\/pkps.org.pl\/?page_id=2451","url":"https:\/\/pkps.org.pl\/?page_id=2451","name":"Zapraszamy Seniorów na pobyt w placówce opieki całodobowej - Polski Komitet Pomocy Społecznej","isPartOf":{"@id":"https:\/\/pkps.org.pl\/#website"},"datePublished":"2024-02-22T15:29:49+00:00","dateModified":"2025-04-14T11:22:13+00:00","breadcrumb":{"@id":"https:\/\/pkps.org.pl\/?page_id=2451#breadcrumb"},"inLanguage":"pl-PL","potentialAction":[{"@type":"ReadAction","target":["https:\/\/pkps.org.pl\/?page_id=2451"]}]},{"@type":"BreadcrumbList","@id":"https:\/\/pkps.org.pl\/?page_id=2451#breadcrumb","itemListElement":[{"@type":"ListItem","position":1,"name":"Strona główna","item":"https:\/\/pkps.org.pl\/"},{"@type":"ListItem","position":2,"name":"Zapraszamy Seniorów na pobyt w placówce opieki całodobowej"}]},{"@type":"WebSite","@id":"https:\/\/pkps.org.pl\/#website","url":"https:\/\/pkps.org.pl\/","name":"Polski Komitet Pomocy Społecznej","description":"Strona Polskiego Komitetu Pomocy Społecznej","publisher":{"@id":"https:\/\/pkps.org.pl\/#organization"},"potentialAction":[{"@type":"SearchAction","target":{"@type":"EntryPoint","urlTemplate":"https:\/\/pkps.org.pl\/?s={search_term_string}"},"query-input":{"@type":"PropertyValueSpecification","valueRequired":true,"valueName":"search_term_string"}}],"inLanguage":"pl-PL"},{"@type":"Organization","@id":"https:\/\/pkps.org.pl\/#organization","name":"Polski Komitet Pomocy Społecznej","url":"https:\/\/pkps.org.pl\/","logo":{"@type":"ImageObject","inLanguage":"pl-PL","@id":"https:\/\/pkps.org.pl\/#\/schema\/logo\/image\/","url":"https:\/\/pkps.org.pl\/wp-content\/uploads\/2016\/12\/PKPS-Logo-1.jpg","contentUrl":"https:\/\/pkps.org.pl\/wp-content\/uploads\/2016\/12\/PKPS-Logo-1.jpg","width":299,"height":408,"caption":"Polski Komitet Pomocy Społecznej"},"image":{"@id":"https:\/\/pkps.org.pl\/#\/schema\/logo\/image\/"}}]}</script>
<!-- / Yoast SEO plugin. -->

Zapraszamy Seniorów na pobyt w placówce opieki całodobowej - Polski Komitet Pomocy Społecznej

Szanowni Państwo, Serdecznie zapraszamy Seniorów na pobyt w placówce opieki całodobowej prowadzonej w ramach odpłatnej działalności PKPS w trwałości projektu pn. „Uruchomienie Opieki Wytchnieniowej przy Dziennym Domu Pobytu PKPS w Milanówku„ – RPMA.09.02.01-14-e116/20. Jednocześnie informujemy, że dostępna na dzień 14.04.2025 r. liczba miejsc w placówce wynosi 16. Zainteresowane osoby lub rodziny zachęcamy do kontaktu: 501 [&hellip;]

Polski Komitet Pomocy Społecznej

Strona główna

Strona Polskiego Komitetu Pomocy Społecznej
