{"id":2504,"date":"2024-06-21T08:29:27","date_gmt":"2024-06-21T08:29:27","guid":{"rendered":"https:\/\/pkps.org.pl\/?page_id=2504"},"modified":"2024-06-21T08:29:42","modified_gmt":"2024-06-21T08:29:42","slug":"program-fundusze-europejskie-na-pomoc-zywnosciowa-2021-2027","status":"publish","type":"page","link":"https:\/\/pkps.org.pl\/?page_id=2504","title":{"rendered":"Program Fundusze Europejskie na Pomoc \u017bywno\u015bciow\u0105 2021-2027"},"content":{"rendered":"<div class=\"wp-block-image\"><img fetchpriority=\"high\" decoding=\"async\" class=\"alignnone size-large wp-image-2505\" src=\"https:\/\/pkps.org.pl\/wp-content\/uploads\/2024\/06\/FEPZ_RP_UE_RGB-1-kopia-1024x143.jpeg\" alt=\"No go funduszu europejskiego flaga Rzeczypospolitej polskiej Logo dofinansowania przez Uni\u0119 Europejsk\u0105\" width=\"634\" height=\"89\" srcset=\"https:\/\/pkps.org.pl\/wp-content\/uploads\/2024\/06\/FEPZ_RP_UE_RGB-1-kopia-1024x143.jpeg 1024w, https:\/\/pkps.org.pl\/wp-content\/uploads\/2024\/06\/FEPZ_RP_UE_RGB-1-kopia-300x42.jpeg 300w, https:\/\/pkps.org.pl\/wp-content\/uploads\/2024\/06\/FEPZ_RP_UE_RGB-1-kopia-768x108.jpeg 768w, https:\/\/pkps.org.pl\/wp-content\/uploads\/2024\/06\/FEPZ_RP_UE_RGB-1-kopia-1536x215.jpeg 1536w, https:\/\/pkps.org.pl\/wp-content\/uploads\/2024\/06\/FEPZ_RP_UE_RGB-1-kopia-2048x287.jpeg 2048w\" sizes=\"(max-width: 634px) 100vw, 634px\" \/><\/div>\n<p style=\"font-weight: 400;\"><strong>Program Fundusze Europejskie na Pomoc \u017bywno\u015bciow\u0105 2021-2027, Podprogram 2023 wsp\u00f3\u0142finansowany z Europejskiego Funduszu Spo\u0142ecznego+<\/strong><\/p>\n<p style=\"font-weight: 400;\"><strong>Rusza program pomocy \u017cywno\u015bciowej na lata 2021-2027 wsp\u00f3\u0142finansowany z EFS +.<\/strong><\/p>\n<p style=\"font-weight: 400;\">Pomoc\u0105 \u017cywno\u015bciow\u0105 w Programie mog\u0105 by\u0107 obj\u0119te osoby i rodziny znajduj\u0105ce si\u0119 w trudnej sytuacji \u017cyciowej, spe\u0142niaj\u0105ce kryteria okre\u015blone w art. 7 ustawy z dnia 12 marca 2004 r. o pomocy spo\u0142ecznej i kt\u00f3rych doch\u00f3d nie przekracza <strong>265%<\/strong> kryterium dochodowego uprawniaj\u0105cego do skorzystania z pomocy spo\u0142ecznej, czyli:<\/p>\n<p style=\"font-weight: 400;\"><strong>2 056,40 PLN<\/strong> dla osoby samotnie gospodaruj\u0105cej<\/p>\n<p style=\"font-weight: 400;\"><strong>1 590,00 PLN<\/strong> dla osoby w rodzinie<\/p>\n<ul>\n<li>osoby z niepe\u0142nosprawno\u015bciami,<\/li>\n<li>osoby bezdomne,<\/li>\n<li>obywatele pa\u0144stw trzecich,<\/li>\n<li>osoby obcego pochodzenia i nale\u017c\u0105ce do mniejszo\u015bci (w tym spo\u0142eczno\u015bci marginalizowanych, jak Romowie);<\/li>\n<li>pozosta\u0142e grupy odbiorc\u00f3w.<\/li>\n<\/ul>\n<p style=\"font-weight: 400;\">\n<p style=\"font-weight: 400;\"><strong>Celem og\u00f3lnym<\/strong> <strong>Podprogramu 2023<\/strong> jest przeciwdzia\u0142anie ub\u00f3stwu przez udzielenie osobom najbardziej potrzebuj\u0105cym pomocy \u017cywno\u015bciowej oraz zapewnienie \u015brodk\u00f3w towarzysz\u0105cych (w okresie czerwiec 2024 \u2013 pa\u017adziernik 2024) wspieraj\u0105cych ich w\u0142\u0105czenie spo\u0142eczne, takie jak: warsztaty edukacyjne oraz doradztwo indywidualne w zakresie dietetyki, prowadzenia gospodarstwa domowego oraz integracji spo\u0142ecznej.<\/p>\n<p style=\"font-weight: 400;\">Cele<strong> szczeg\u00f3\u0142owe:<\/strong><\/p>\n<ul>\n<li>Organizacja i koordynacja sieci dystrybucji pomocy \u017cywno\u015bciowej sk\u0142adaj\u0105cej si\u0119 z organizacji partnerskich regionalnych i lokalnych;<\/li>\n<li>Racjonalne zagospodarowanie artyku\u0142\u00f3w spo\u017cywczych otrzymanych z IP oraz z innych \u017ar\u00f3de\u0142, na potrzeby udzielania pomocy \u017cywno\u015bciowej osobom najbardziej potrzebuj\u0105cym;<\/li>\n<li>Przekazanie artyku\u0142\u00f3w spo\u017cywczych osobom zakwalifikowanym do otrzymania pomocy \u017cywno\u015bciowej zgodnie z zasadami Programu;<\/li>\n<li>Prowadzenie dzia\u0142a\u0144 w ramach \u015brodk\u00f3w towarzysz\u0105cych w\u015br\u00f3d os\u00f3b najbardziej potrzebuj\u0105cych, zakwalifikowanych do obj\u0119cia pomoc\u0105 \u017cywno\u015bciow\u0105, maj\u0105cych na celu w\u0142\u0105czenie spo\u0142eczne;<\/li>\n<li>Udost\u0119pnienie osobom zakwalifikowanym do otrzymania pomocy \u017cywno\u015bciowej zgodnie z zasadami Programu dodatkowej \u017cywno\u015bci pochodz\u0105cej z darowizn w ramach Operacji IIa<\/li>\n<\/ul>\n<p style=\"font-weight: 400;\">\n<p style=\"font-weight: 400;\">Warto\u015b\u0107 \u017cywno\u015bci: 44 901 787,23 PLN<\/p>\n<p style=\"font-weight: 400;\">Warto\u015b\u0107 dofinansowania z tytu\u0142u koszt\u00f3w administracyjnych, transportu i magazynowania:<\/p>\n<p style=\"font-weight: 400;\">Warto\u015b\u0107 og\u00f3lna: 3 143 125,10 PLN\u2013 w tym ze \u015brodk\u00f3w europejskich 2 828 812,59 PLN, z bud\u017cetu krajowego 314 312,51 PLN<\/p>\n<p style=\"font-weight: 400;\">Warto\u015b\u0107 dofinansowania z tytu\u0142u \u015brodk\u00f3w towarzysz\u0105cych:<\/p>\n<p style=\"font-weight: 400;\">WARTO\u015a\u0106 OG\u00d3LNA: 3 143 125,10 PLN \u2013 w tym ze \u015brodk\u00f3w europejskich 2 828 812,59 PLN, z bud\u017cetu krajowego 314 312,51 PLN<\/p>\n<p style=\"font-weight: 400;\">Warto\u015b\u0107 dofinansowania z tytu\u0142u koszt\u00f3w dystrybucji \u017cywno\u015bci z darowizn i koszt\u00f3w bezpo\u015brednio z tym zwi\u0105zanych:<\/p>\n<p style=\"font-weight: 400;\">Warto\u015b\u0107 og\u00f3lna: 281 725,00 PLN\u2013 w tym ze \u015brodk\u00f3w europejskich 253 552,50 PLN, z bud\u017cetu krajowego 28 172,50 PLN<\/p>\n<p style=\"font-weight: 400;\">\n<p style=\"font-weight: 400;\">\n<p style=\"font-weight: 400;\">\n","protected":false},"excerpt":{"rendered":"<p>Program Fundusze Europejskie na Pomoc \u017bywno\u015bciow\u0105 2021-2027, Podprogram 2023 wsp\u00f3\u0142finansowany z Europejskiego Funduszu Spo\u0142ecznego+ Rusza program pomocy \u017cywno\u015bciowej na lata 2021-2027 wsp\u00f3\u0142finansowany z EFS +. Pomoc\u0105 \u017cywno\u015bciow\u0105 w Programie mog\u0105 by\u0107 obj\u0119te osoby i rodziny znajduj\u0105ce si\u0119 w trudnej sytuacji \u017cyciowej, spe\u0142niaj\u0105ce kryteria okre\u015blone w art. 7 ustawy z dnia 12 marca 2004 r. o [&hellip;]<\/p>\n","protected":false},"author":3,"featured_media":0,"parent":0,"menu_order":0,"comment_status":"closed","ping_status":"closed","template":"","meta":{"footnotes":"","_links_to":"","_links_to_target":""},"class_list":["post-2504","page","type-page","status-publish","hentry"],"yoast_head":"<!-- This site is optimized with the Yoast SEO plugin v27.4 - https:\/\/yoast.com\/product\/yoast-seo-wordpress\/ -->\n<title>Program Fundusze Europejskie na Pomoc \u017bywno\u015bciow\u0105 2021-2027 - Polski Komitet Pomocy Spo\u0142ecznej<\/title>\n<meta name=\"robots\" content=\"index, follow, max-snippet:-1, max-image-preview:large, max-video-preview:-1\" \/>\n<link rel=\"canonical\" href=\"https:\/\/pkps.org.pl\/?page_id=2504\" \/>\n<meta property=\"og:locale\" content=\"pl_PL\" \/>\n<meta property=\"og:type\" content=\"article\" \/>\n<meta property=\"og:title\" content=\"Program Fundusze Europejskie na Pomoc \u017bywno\u015bciow\u0105 2021-2027 - Polski Komitet Pomocy Spo\u0142ecznej\" \/>\n<meta property=\"og:description\" content=\"Program Fundusze Europejskie na Pomoc \u017bywno\u015bciow\u0105 2021-2027, Podprogram 2023 wsp\u00f3\u0142finansowany z Europejskiego Funduszu Spo\u0142ecznego+ Rusza program pomocy \u017cywno\u015bciowej na lata 2021-2027 wsp\u00f3\u0142finansowany z EFS +. Pomoc\u0105 \u017cywno\u015bciow\u0105 w Programie mog\u0105 by\u0107 obj\u0119te osoby i rodziny znajduj\u0105ce si\u0119 w trudnej sytuacji \u017cyciowej, spe\u0142niaj\u0105ce kryteria okre\u015blone w art. 7 ustawy z dnia 12 marca 2004 r. o [&hellip;]\" \/>\n<meta property=\"og:url\" content=\"https:\/\/pkps.org.pl\/?page_id=2504\" \/>\n<meta property=\"og:site_name\" content=\"Polski Komitet Pomocy Spo\u0142ecznej\" \/>\n<meta property=\"article:modified_time\" content=\"2024-06-21T08:29:42+00:00\" \/>\n<meta property=\"og:image\" content=\"https:\/\/pkps.org.pl\/wp-content\/uploads\/2024\/06\/FEPZ_RP_UE_RGB-1-kopia-1024x143.jpeg\" \/>\n<meta name=\"twitter:card\" content=\"summary_large_image\" \/>\n<meta name=\"twitter:label1\" content=\"Szacowany czas czytania\" \/>\n\t<meta name=\"twitter:data1\" content=\"3 minuty\" \/>\n<script type=\"application\/ld+json\" class=\"yoast-schema-graph\">{\"@context\":\"https:\\\/\\\/schema.org\",\"@graph\":[{\"@type\":\"WebPage\",\"@id\":\"https:\\\/\\\/pkps.org.pl\\\/?page_id=2504\",\"url\":\"https:\\\/\\\/pkps.org.pl\\\/?page_id=2504\",\"name\":\"Program Fundusze Europejskie na Pomoc \u017bywno\u015bciow\u0105 2021-2027 - Polski Komitet Pomocy Spo\u0142ecznej\",\"isPartOf\":{\"@id\":\"https:\\\/\\\/pkps.org.pl\\\/#website\"},\"primaryImageOfPage\":{\"@id\":\"https:\\\/\\\/pkps.org.pl\\\/?page_id=2504#primaryimage\"},\"image\":{\"@id\":\"https:\\\/\\\/pkps.org.pl\\\/?page_id=2504#primaryimage\"},\"thumbnailUrl\":\"https:\\\/\\\/pkps.org.pl\\\/wp-content\\\/uploads\\\/2024\\\/06\\\/FEPZ_RP_UE_RGB-1-kopia-1024x143.jpeg\",\"datePublished\":\"2024-06-21T08:29:27+00:00\",\"dateModified\":\"2024-06-21T08:29:42+00:00\",\"breadcrumb\":{\"@id\":\"https:\\\/\\\/pkps.org.pl\\\/?page_id=2504#breadcrumb\"},\"inLanguage\":\"pl-PL\",\"potentialAction\":[{\"@type\":\"ReadAction\",\"target\":[\"https:\\\/\\\/pkps.org.pl\\\/?page_id=2504\"]}]},{\"@type\":\"ImageObject\",\"inLanguage\":\"pl-PL\",\"@id\":\"https:\\\/\\\/pkps.org.pl\\\/?page_id=2504#primaryimage\",\"url\":\"https:\\\/\\\/pkps.org.pl\\\/wp-content\\\/uploads\\\/2024\\\/06\\\/FEPZ_RP_UE_RGB-1-kopia-scaled.jpeg\",\"contentUrl\":\"https:\\\/\\\/pkps.org.pl\\\/wp-content\\\/uploads\\\/2024\\\/06\\\/FEPZ_RP_UE_RGB-1-kopia-scaled.jpeg\",\"width\":2560,\"height\":359,\"caption\":\"No go funduszu europejskiego flaga Rzeczypospolitej polskiej Logo dofinansowania przez Uni\u0119 Europejsk\u0105\"},{\"@type\":\"BreadcrumbList\",\"@id\":\"https:\\\/\\\/pkps.org.pl\\\/?page_id=2504#breadcrumb\",\"itemListElement\":[{\"@type\":\"ListItem\",\"position\":1,\"name\":\"Strona g\u0142\u00f3wna\",\"item\":\"https:\\\/\\\/pkps.org.pl\\\/\"},{\"@type\":\"ListItem\",\"position\":2,\"name\":\"Program Fundusze Europejskie na Pomoc \u017bywno\u015bciow\u0105 2021-2027\"}]},{\"@type\":\"WebSite\",\"@id\":\"https:\\\/\\\/pkps.org.pl\\\/#website\",\"url\":\"https:\\\/\\\/pkps.org.pl\\\/\",\"name\":\"Polski Komitet Pomocy Spo\u0142ecznej\",\"description\":\"Strona Polskiego Komitetu Pomocy Spo\u0142ecznej\",\"publisher\":{\"@id\":\"https:\\\/\\\/pkps.org.pl\\\/#organization\"},\"potentialAction\":[{\"@type\":\"SearchAction\",\"target\":{\"@type\":\"EntryPoint\",\"urlTemplate\":\"https:\\\/\\\/pkps.org.pl\\\/?s={search_term_string}\"},\"query-input\":{\"@type\":\"PropertyValueSpecification\",\"valueRequired\":true,\"valueName\":\"search_term_string\"}}],\"inLanguage\":\"pl-PL\"},{\"@type\":\"Organization\",\"@id\":\"https:\\\/\\\/pkps.org.pl\\\/#organization\",\"name\":\"Polski Komitet Pomocy Spo\u0142ecznej\",\"url\":\"https:\\\/\\\/pkps.org.pl\\\/\",\"logo\":{\"@type\":\"ImageObject\",\"inLanguage\":\"pl-PL\",\"@id\":\"https:\\\/\\\/pkps.org.pl\\\/#\\\/schema\\\/logo\\\/image\\\/\",\"url\":\"https:\\\/\\\/pkps.org.pl\\\/wp-content\\\/uploads\\\/2016\\\/12\\\/PKPS-Logo-1.jpg\",\"contentUrl\":\"https:\\\/\\\/pkps.org.pl\\\/wp-content\\\/uploads\\\/2016\\\/12\\\/PKPS-Logo-1.jpg\",\"width\":299,\"height\":408,\"caption\":\"Polski Komitet Pomocy Spo\u0142ecznej\"},\"image\":{\"@id\":\"https:\\\/\\\/pkps.org.pl\\\/#\\\/schema\\\/logo\\\/image\\\/\"}}]}<\/script>\n<!-- \/ Yoast SEO plugin. -->","yoast_head_json":{"title":"Program Fundusze Europejskie na Pomoc \u017bywno\u015bciow\u0105 2021-2027 - Polski Komitet Pomocy Spo\u0142ecznej","robots":{"index":"index","follow":"follow","max-snippet":"max-snippet:-1","max-image-preview":"max-image-preview:large","max-video-preview":"max-video-preview:-1"},"canonical":"https:\/\/pkps.org.pl\/?page_id=2504","og_locale":"pl_PL","og_type":"article","og_title":"Program Fundusze Europejskie na Pomoc \u017bywno\u015bciow\u0105 2021-2027 - Polski Komitet Pomocy Spo\u0142ecznej","og_description":"Program Fundusze Europejskie na Pomoc \u017bywno\u015bciow\u0105 2021-2027, Podprogram 2023 wsp\u00f3\u0142finansowany z Europejskiego Funduszu Spo\u0142ecznego+ Rusza program pomocy \u017cywno\u015bciowej na lata 2021-2027 wsp\u00f3\u0142finansowany z EFS +. Pomoc\u0105 \u017cywno\u015bciow\u0105 w Programie mog\u0105 by\u0107 obj\u0119te osoby i rodziny znajduj\u0105ce si\u0119 w trudnej sytuacji \u017cyciowej, spe\u0142niaj\u0105ce kryteria okre\u015blone w art. 7 ustawy z dnia 12 marca 2004 r. o [&hellip;]","og_url":"https:\/\/pkps.org.pl\/?page_id=2504","og_site_name":"Polski Komitet Pomocy Spo\u0142ecznej","article_modified_time":"2024-06-21T08:29:42+00:00","og_image":[{"url":"https:\/\/pkps.org.pl\/wp-content\/uploads\/2024\/06\/FEPZ_RP_UE_RGB-1-kopia-1024x143.jpeg","type":"","width":"","height":""}],"twitter_card":"summary_large_image","twitter_misc":{"Szacowany czas czytania":"3 minuty"},"schema":{"@context":"https:\/\/schema.org","@graph":[{"@type":"WebPage","@id":"https:\/\/pkps.org.pl\/?page_id=2504","url":"https:\/\/pkps.org.pl\/?page_id=2504","name":"Program Fundusze Europejskie na Pomoc \u017bywno\u015bciow\u0105 2021-2027 - Polski Komitet Pomocy Spo\u0142ecznej","isPartOf":{"@id":"https:\/\/pkps.org.pl\/#website"},"primaryImageOfPage":{"@id":"https:\/\/pkps.org.pl\/?page_id=2504#primaryimage"},"image":{"@id":"https:\/\/pkps.org.pl\/?page_id=2504#primaryimage"},"thumbnailUrl":"https:\/\/pkps.org.pl\/wp-content\/uploads\/2024\/06\/FEPZ_RP_UE_RGB-1-kopia-1024x143.jpeg","datePublished":"2024-06-21T08:29:27+00:00","dateModified":"2024-06-21T08:29:42+00:00","breadcrumb":{"@id":"https:\/\/pkps.org.pl\/?page_id=2504#breadcrumb"},"inLanguage":"pl-PL","potentialAction":[{"@type":"ReadAction","target":["https:\/\/pkps.org.pl\/?page_id=2504"]}]},{"@type":"ImageObject","inLanguage":"pl-PL","@id":"https:\/\/pkps.org.pl\/?page_id=2504#primaryimage","url":"https:\/\/pkps.org.pl\/wp-content\/uploads\/2024\/06\/FEPZ_RP_UE_RGB-1-kopia-scaled.jpeg","contentUrl":"https:\/\/pkps.org.pl\/wp-content\/uploads\/2024\/06\/FEPZ_RP_UE_RGB-1-kopia-scaled.jpeg","width":2560,"height":359,"caption":"No go funduszu europejskiego flaga Rzeczypospolitej polskiej Logo dofinansowania przez Uni\u0119 Europejsk\u0105"},{"@type":"BreadcrumbList","@id":"https:\/\/pkps.org.pl\/?page_id=2504#breadcrumb","itemListElement":[{"@type":"ListItem","position":1,"name":"Strona g\u0142\u00f3wna","item":"https:\/\/pkps.org.pl\/"},{"@type":"ListItem","position":2,"name":"Program Fundusze Europejskie na Pomoc \u017bywno\u015bciow\u0105 2021-2027"}]},{"@type":"WebSite","@id":"https:\/\/pkps.org.pl\/#website","url":"https:\/\/pkps.org.pl\/","name":"Polski Komitet Pomocy Spo\u0142ecznej","description":"Strona Polskiego Komitetu Pomocy Spo\u0142ecznej","publisher":{"@id":"https:\/\/pkps.org.pl\/#organization"},"potentialAction":[{"@type":"SearchAction","target":{"@type":"EntryPoint","urlTemplate":"https:\/\/pkps.org.pl\/?s={search_term_string}"},"query-input":{"@type":"PropertyValueSpecification","valueRequired":true,"valueName":"search_term_string"}}],"inLanguage":"pl-PL"},{"@type":"Organization","@id":"https:\/\/pkps.org.pl\/#organization","name":"Polski Komitet Pomocy Spo\u0142ecznej","url":"https:\/\/pkps.org.pl\/","logo":{"@type":"ImageObject","inLanguage":"pl-PL","@id":"https:\/\/pkps.org.pl\/#\/schema\/logo\/image\/","url":"https:\/\/pkps.org.pl\/wp-content\/uploads\/2016\/12\/PKPS-Logo-1.jpg","contentUrl":"https:\/\/pkps.org.pl\/wp-content\/uploads\/2016\/12\/PKPS-Logo-1.jpg","width":299,"height":408,"caption":"Polski Komitet Pomocy Spo\u0142ecznej"},"image":{"@id":"https:\/\/pkps.org.pl\/#\/schema\/logo\/image\/"}}]}},"_links":{"self":[{"href":"https:\/\/pkps.org.pl\/index.php?rest_route=\/wp\/v2\/pages\/2504","targetHints":{"allow":["GET"]}}],"collection":[{"href":"https:\/\/pkps.org.pl\/index.php?rest_route=\/wp\/v2\/pages"}],"about":[{"href":"https:\/\/pkps.org.pl\/index.php?rest_route=\/wp\/v2\/types\/page"}],"author":[{"embeddable":true,"href":"https:\/\/pkps.org.pl\/index.php?rest_route=\/wp\/v2\/users\/3"}],"replies":[{"embeddable":true,"href":"https:\/\/pkps.org.pl\/index.php?rest_route=%2Fwp%2Fv2%2Fcomments&post=2504"}],"version-history":[{"count":1,"href":"https:\/\/pkps.org.pl\/index.php?rest_route=\/wp\/v2\/pages\/2504\/revisions"}],"predecessor-version":[{"id":2506,"href":"https:\/\/pkps.org.pl\/index.php?rest_route=\/wp\/v2\/pages\/2504\/revisions\/2506"}],"wp:attachment":[{"href":"https:\/\/pkps.org.pl\/index.php?rest_route=%2Fwp%2Fv2%2Fmedia&parent=2504"}],"curies":[{"name":"wp","href":"https:\/\/api.w.org\/{rel}","templated":true}]}}